CRAN Package Check Results for Package SMVar

Last updated on 2025-11-24 09:50:47 CET.

Flavor Version Tinstall Tcheck Ttotal Status Flags
r-devel-linux-x86_64-debian-clang 1.3.4 1.96 24.71 26.67 NOTE
r-devel-linux-x86_64-debian-gcc 1.3.4 1.42 20.57 21.99 NOTE
r-devel-linux-x86_64-fedora-clang 1.3.4 39.08 OK
r-devel-windows-x86_64 1.3.4 4.00 44.00 48.00 OK
r-patched-linux-x86_64 1.3.4 1.83 23.59 25.42 OK
r-release-linux-x86_64 1.3.4 1.74 23.65 25.39 OK
r-release-macos-arm64 1.3.4 OK
r-release-macos-x86_64 1.3.4 2.00 24.00 26.00 OK
r-release-windows-x86_64 1.3.4 3.00 43.00 46.00 OK
r-oldrel-macos-arm64 1.3.4 OK
r-oldrel-macos-x86_64 1.3.4 1.00 23.00 24.00 OK
r-oldrel-windows-x86_64 1.3.4 4.00 45.00 49.00 OK

Check Details

Version: 1.3.4
Check: CRAN incoming feasibility
Result: NOTE Maintainer: ‘Samuel Blanck <samuel.blanck@univ-lille.fr>’ No Authors@R field in DESCRIPTION. Please add one, modifying Authors@R: c(person(given = "Guillemette", family = "Marot", role = c("aut", "cre")), person(given = "Samuel", family = "Blanck", role = "cre", email = "samuel.blanck@univ-lille.fr")) as necessary. Flavors: r-devel-linux-x86_64-debian-clang, r-devel-linux-x86_64-debian-gcc