Last updated on 2025-11-01 10:49:52 CET.
| Flavor | Version | Tinstall | Tcheck | Ttotal | Status | Flags |
|---|---|---|---|---|---|---|
| r-devel-linux-x86_64-debian-clang | 0.1.0 | 47.81 | 386.10 | 433.91 | OK | |
| r-devel-linux-x86_64-debian-gcc | 0.1.0 | 35.17 | 272.38 | 307.55 | OK | |
| r-devel-linux-x86_64-fedora-clang | 0.1.0 | 502.00 | 234.08 | 736.08 | NOTE | |
| r-devel-linux-x86_64-fedora-gcc | 0.1.0 | 264.00 | 428.88 | 692.88 | NOTE | |
| r-devel-windows-x86_64 | 0.1.0 | 47.00 | 311.00 | 358.00 | OK | |
| r-patched-linux-x86_64 | 0.1.0 | 0.30 | 1.80 | 2.10 | ERROR | |
| r-release-linux-x86_64 | 0.1.0 | 44.79 | 365.55 | 410.34 | OK | |
| r-release-macos-arm64 | 0.1.0 | 23.00 | 151.00 | 174.00 | OK | |
| r-release-macos-x86_64 | 0.1.0 | 54.00 | 281.00 | 335.00 | OK | |
| r-release-windows-x86_64 | 0.1.0 | 49.00 | 309.00 | 358.00 | OK | |
| r-oldrel-macos-arm64 | 0.1.0 | 19.00 | 134.00 | 153.00 | NOTE | |
| r-oldrel-macos-x86_64 | 0.1.0 | 35.00 | 220.00 | 255.00 | NOTE | |
| r-oldrel-windows-x86_64 | 0.1.0 | 54.00 | 9.00 | 63.00 | ERROR |
Version: 0.1.0
Check: dependencies in R code
Result: NOTE
Namespace in Imports field not imported from: ‘utils’
All declared Imports should be used.
Flavors: r-devel-linux-x86_64-fedora-clang, r-devel-linux-x86_64-fedora-gcc
Version: 0.1.0
Check: package dependencies
Result: ERROR
Package required but not available: ‘GSVA’
See section ‘The DESCRIPTION file’ in the ‘Writing R Extensions’
manual.
Flavor: r-patched-linux-x86_64
Version: 0.1.0
Check: LazyData
Result: NOTE
'LazyData' is specified without a 'data' directory
Flavors: r-oldrel-macos-arm64, r-oldrel-macos-x86_64
Version: 0.1.0
Check: whether package can be installed
Result: ERROR
Installation failed.
Flavor: r-oldrel-windows-x86_64