Last updated on 2025-11-20 11:51:24 CET.
| Flavor | Version | Tinstall | Tcheck | Ttotal | Status | Flags |
|---|---|---|---|---|---|---|
| r-devel-linux-x86_64-debian-clang | 0.1.0 | 49.49 | 44.62 | 94.11 | NOTE | |
| r-devel-linux-x86_64-debian-gcc | 0.1.0 | 34.14 | 33.49 | 67.63 | NOTE | |
| r-devel-linux-x86_64-fedora-clang | 0.1.0 | 111.00 | 65.80 | 176.80 | OK | |
| r-devel-linux-x86_64-fedora-gcc | 0.1.0 | 91.00 | 76.78 | 167.78 | OK | |
| r-devel-windows-x86_64 | 0.1.0 | 69.00 | 74.00 | 143.00 | OK | |
| r-patched-linux-x86_64 | 0.1.0 | 48.57 | 40.47 | 89.04 | OK | |
| r-release-linux-x86_64 | 0.1.0 | 50.36 | 40.92 | 91.28 | OK | |
| r-release-macos-arm64 | 0.1.0 | OK | ||||
| r-release-macos-x86_64 | 0.1.0 | 19.00 | 54.00 | 73.00 | OK | |
| r-release-windows-x86_64 | 0.1.0 | 61.00 | 76.00 | 137.00 | OK | |
| r-oldrel-macos-arm64 | 0.1.0 | OK | ||||
| r-oldrel-macos-x86_64 | 0.1.0 | 18.00 | 42.00 | 60.00 | OK | |
| r-oldrel-windows-x86_64 | 0.1.0 | 72.00 | 93.00 | 165.00 | OK |
Version: 0.1.0
Check: CRAN incoming feasibility
Result: NOTE
Maintainer: ‘Youngki Shin <shiny11@mcmaster.ca>’
The Description field contains
<arXiv:2209.14502> "Fast Inference for Quantile Regression with Tens of
Please refer to arXiv e-prints via their arXiv DOI <doi:10.48550/arXiv.YYMM.NNNNN>.
Flavors: r-devel-linux-x86_64-debian-clang, r-devel-linux-x86_64-debian-gcc