Last updated on 2024-05-09 10:50:05 CEST.
Flavor | Version | Tinstall | Tcheck | Ttotal | Status | Flags |
---|---|---|---|---|---|---|
r-devel-linux-x86_64-debian-clang | 1.0.1 | 8.78 | 80.82 | 89.60 | OK | |
r-devel-linux-x86_64-debian-gcc | 1.0.1 | 7.73 | 61.88 | 69.61 | OK | |
r-devel-linux-x86_64-fedora-clang | 1.0.1 | 110.51 | NOTE | |||
r-devel-linux-x86_64-fedora-gcc | 1.0.1 | 163.71 | NOTE | |||
r-devel-windows-x86_64 | 1.0.1 | 8.00 | 73.00 | 81.00 | OK | |
r-patched-linux-x86_64 | 1.0.1 | 10.50 | 80.81 | 91.31 | OK | |
r-release-linux-x86_64 | 1.0.1 | 9.75 | 79.06 | 88.81 | OK | |
r-release-macos-arm64 | 1.0.1 | 35.00 | OK | |||
r-release-windows-x86_64 | 1.0.1 | 9.00 | 74.00 | 83.00 | OK | |
r-oldrel-macos-arm64 | 1.0.1 | 37.00 | OK | |||
r-oldrel-macos-x86_64 | 1.0.1 | 58.00 | OK | |||
r-oldrel-windows-x86_64 | 1.0.1 | 11.00 | 89.00 | 100.00 | OK |
Version: 1.0.1
Check: dependencies in R code
Result: NOTE
Namespace in Imports field not imported from: ‘RhpcBLASctl’
All declared Imports should be used.
Flavors: r-devel-linux-x86_64-fedora-clang, r-devel-linux-x86_64-fedora-gcc