Last updated on 2025-10-31 09:50:28 CET.
| Flavor | Version | Tinstall | Tcheck | Ttotal | Status | Flags | 
|---|---|---|---|---|---|---|
| r-devel-linux-x86_64-debian-clang | 0.5.6 | 45.04 | 73.20 | 118.24 | OK | |
| r-devel-linux-x86_64-debian-gcc | 0.5.6 | 38.54 | 49.04 | 87.58 | OK | |
| r-devel-linux-x86_64-fedora-clang | 0.5.6 | 97.00 | 95.44 | 192.44 | OK | |
| r-devel-linux-x86_64-fedora-gcc | 0.5.6 | 140.00 | 67.89 | 207.89 | OK | |
| r-devel-windows-x86_64 | 0.5.6 | 50.00 | 110.00 | 160.00 | OK | |
| r-patched-linux-x86_64 | 0.5.6 | 54.65 | 70.50 | 125.15 | OK | |
| r-release-linux-x86_64 | 0.5.6 | 53.02 | 70.59 | 123.61 | OK | |
| r-release-macos-arm64 | 0.5.6 | 18.00 | 31.00 | 49.00 | OK | |
| r-release-macos-x86_64 | 0.5.6 | 39.00 | 60.00 | 99.00 | OK | |
| r-release-windows-x86_64 | 0.5.6 | 51.00 | 114.00 | 165.00 | OK | |
| r-oldrel-macos-arm64 | 0.5.6 | 19.00 | 34.00 | 53.00 | NOTE | |
| r-oldrel-macos-x86_64 | 0.5.6 | 52.00 | 64.00 | 116.00 | NOTE | |
| r-oldrel-windows-x86_64 | 0.5.6 | 60.00 | 136.00 | 196.00 | OK | 
Version: 0.5.6
Check: installed package size
Result: NOTE
    installed size is 22.6Mb
    sub-directories of 1Mb or more:
      libs  22.1Mb
Flavors: r-oldrel-macos-arm64, r-oldrel-macos-x86_64