Last updated on 2025-10-30 09:49:59 CET.
| Flavor | Version | Tinstall | Tcheck | Ttotal | Status | Flags | 
|---|---|---|---|---|---|---|
| r-devel-linux-x86_64-debian-clang | 0.3.0 | 2.05 | 38.98 | 41.03 | NOTE | |
| r-devel-linux-x86_64-debian-gcc | 0.3.0 | 1.69 | 28.60 | 30.29 | NOTE | |
| r-devel-linux-x86_64-fedora-clang | 0.3.0 | 60.88 | OK | |||
| r-devel-linux-x86_64-fedora-gcc | 0.3.0 | 57.89 | OK | |||
| r-devel-windows-x86_64 | 0.3.0 | 3.00 | 52.00 | 55.00 | OK | |
| r-patched-linux-x86_64 | 0.3.0 | 1.82 | 35.87 | 37.69 | OK | |
| r-release-linux-x86_64 | 0.3.0 | 2.13 | 36.64 | 38.77 | OK | |
| r-release-macos-arm64 | 0.3.0 | 1.00 | 22.00 | 23.00 | OK | |
| r-release-macos-x86_64 | 0.3.0 | 2.00 | 38.00 | 40.00 | OK | |
| r-release-windows-x86_64 | 0.3.0 | 4.00 | 53.00 | 57.00 | OK | |
| r-oldrel-macos-arm64 | 0.3.0 | 1.00 | 19.00 | 20.00 | OK | |
| r-oldrel-macos-x86_64 | 0.3.0 | 2.00 | 30.00 | 32.00 | OK | |
| r-oldrel-windows-x86_64 | 0.3.0 | 5.00 | 65.00 | 70.00 | OK | 
Version: 0.3.0
Check: CRAN incoming feasibility
Result: NOTE
  Maintainer: ‘Michael Hernandez <michael@hernandez.ai>’
  
  No Authors@R field in DESCRIPTION.
  Please add one, modifying
    Authors@R: c(person(given = "Michael",
                        family = "Hernandez",
                        role = c("aut", "cre"),
                        email = "micahel@hernandez.ai"),
                 person(given = "Yuri",
                        family = "Balasanov",
                        role = "aut"))
  as necessary.
Flavors: r-devel-linux-x86_64-debian-clang, r-devel-linux-x86_64-debian-gcc