Last updated on 2024-05-09 10:50:01 CEST.
Flavor | Version | Tinstall | Tcheck | Ttotal | Status | Flags |
---|---|---|---|---|---|---|
r-devel-linux-x86_64-debian-clang | 1.1.4 | 26.40 | 176.22 | 202.62 | NOTE | |
r-devel-linux-x86_64-debian-gcc | 1.1.4 | 19.41 | 127.51 | 146.92 | NOTE | |
r-devel-linux-x86_64-fedora-clang | 1.1.4 | 261.99 | NOTE | |||
r-devel-linux-x86_64-fedora-gcc | 1.1.4 | 336.28 | NOTE | |||
r-devel-windows-x86_64 | 1.1.4 | 27.00 | 215.00 | 242.00 | NOTE | |
r-patched-linux-x86_64 | 1.1.4 | 23.74 | 168.02 | 191.76 | NOTE | |
r-release-linux-x86_64 | 1.1.4 | 22.60 | 166.74 | 189.34 | NOTE | |
r-release-macos-arm64 | 1.1.4 | 92.00 | NOTE | |||
r-release-windows-x86_64 | 1.1.4 | 35.00 | 258.00 | 293.00 | NOTE | |
r-oldrel-macos-arm64 | 1.1.4 | 69.00 | NOTE | |||
r-oldrel-macos-x86_64 | 1.1.4 | 113.00 | NOTE | |||
r-oldrel-windows-x86_64 | 1.1.4 | 22.00 | 168.00 | 190.00 | NOTE |
Version: 1.1.4
Check: LazyData
Result: NOTE
'LazyData' is specified without a 'data' directory
Flavors: r-devel-linux-x86_64-debian-clang, r-devel-linux-x86_64-debian-gcc, r-devel-linux-x86_64-fedora-clang, r-devel-linux-x86_64-fedora-gcc, r-devel-windows-x86_64, r-patched-linux-x86_64, r-release-linux-x86_64, r-release-macos-arm64, r-release-windows-x86_64, r-oldrel-macos-arm64, r-oldrel-macos-x86_64, r-oldrel-windows-x86_64