Last updated on 2025-11-20 11:51:21 CET.
| Flavor | Version | Tinstall | Tcheck | Ttotal | Status | Flags |
|---|---|---|---|---|---|---|
| r-devel-linux-x86_64-debian-clang | 2.9-5 | 40.87 | 250.08 | 290.95 | OK | |
| r-devel-linux-x86_64-debian-gcc | 2.9-5 | 29.36 | 185.97 | 215.33 | OK | |
| r-devel-linux-x86_64-fedora-clang | 2.9-5 | 92.00 | 378.41 | 470.41 | OK | |
| r-devel-linux-x86_64-fedora-gcc | 2.9-5 | 108.00 | 352.50 | 460.50 | OK | |
| r-devel-windows-x86_64 | 2.9-5 | 51.00 | 228.00 | 279.00 | OK | |
| r-patched-linux-x86_64 | 2.9-5 | 44.51 | 250.42 | 294.93 | OK | |
| r-release-linux-x86_64 | 2.9-5 | 42.21 | 249.67 | 291.88 | OK | |
| r-release-macos-arm64 | 2.9-5 | OK | ||||
| r-release-macos-x86_64 | 2.9-5 | 38.00 | 227.00 | 265.00 | OK | |
| r-release-windows-x86_64 | 2.9-5 | 37.00 | 253.00 | 290.00 | OK | |
| r-oldrel-macos-arm64 | 2.9-5 | NOTE | ||||
| r-oldrel-macos-x86_64 | 2.9-5 | 37.00 | 148.00 | 185.00 | NOTE | |
| r-oldrel-windows-x86_64 | 2.9-5 | 53.00 | 288.00 | 341.00 | NOTE |
Version: 2.9-5
Check: installed package size
Result: NOTE
installed size is 9.6Mb
sub-directories of 1Mb or more:
R 2.0Mb
doc 4.5Mb
po 2.4Mb
Flavors: r-oldrel-macos-arm64, r-oldrel-macos-x86_64, r-oldrel-windows-x86_64