Last updated on 2025-10-30 09:49:59 CET.
| Flavor | Version | Tinstall | Tcheck | Ttotal | Status | Flags | 
|---|---|---|---|---|---|---|
| r-devel-linux-x86_64-debian-clang | 0.0.1 | 2.00 | 20.70 | 22.70 | NOTE | |
| r-devel-linux-x86_64-debian-gcc | 0.0.1 | 1.54 | 16.17 | 17.71 | NOTE | |
| r-devel-linux-x86_64-fedora-clang | 0.0.1 | 33.21 | OK | |||
| r-devel-linux-x86_64-fedora-gcc | 0.0.1 | 31.55 | OK | |||
| r-devel-windows-x86_64 | 0.0.1 | 3.00 | 39.00 | 42.00 | OK | |
| r-patched-linux-x86_64 | 0.0.1 | 2.06 | 19.09 | 21.15 | OK | |
| r-release-linux-x86_64 | 0.0.1 | 1.84 | 19.29 | 21.13 | OK | |
| r-release-macos-arm64 | 0.0.1 | 1.00 | 13.00 | 14.00 | OK | |
| r-release-macos-x86_64 | 0.0.1 | 2.00 | 21.00 | 23.00 | OK | |
| r-release-windows-x86_64 | 0.0.1 | 4.00 | 40.00 | 44.00 | OK | |
| r-oldrel-macos-arm64 | 0.0.1 | 1.00 | 13.00 | 14.00 | OK | |
| r-oldrel-macos-x86_64 | 0.0.1 | 2.00 | 18.00 | 20.00 | OK | |
| r-oldrel-windows-x86_64 | 0.0.1 | 4.00 | 43.00 | 47.00 | OK | 
Version: 0.0.1
Check: CRAN incoming feasibility
Result: NOTE
  Maintainer: ‘Jay Burns <jay.burns@sruc.ac.uk>’
  
  Package CITATION file contains call(s) to old-style citEntry().  Please
  use bibentry() instead.
Flavors: r-devel-linux-x86_64-debian-clang, r-devel-linux-x86_64-debian-gcc