Last updated on 2025-10-30 09:50:00 CET.
| Flavor | Version | Tinstall | Tcheck | Ttotal | Status | Flags | 
|---|---|---|---|---|---|---|
| r-devel-linux-x86_64-debian-clang | 0.1.3 | 1.87 | 48.35 | 50.22 | OK | |
| r-devel-linux-x86_64-debian-gcc | 0.1.3 | 1.49 | 35.59 | 37.08 | OK | |
| r-devel-linux-x86_64-fedora-clang | 0.1.3 | 74.49 | OK | |||
| r-devel-linux-x86_64-fedora-gcc | 0.1.3 | 86.03 | OK | |||
| r-devel-windows-x86_64 | 0.1.3 | 4.00 | 60.00 | 64.00 | OK | |
| r-patched-linux-x86_64 | 0.1.3 | 2.03 | 45.65 | 47.68 | OK | |
| r-release-linux-x86_64 | 0.1.3 | 1.95 | 45.85 | 47.80 | OK | |
| r-release-macos-arm64 | 0.1.3 | 1.00 | 36.00 | 37.00 | OK | |
| r-release-macos-x86_64 | 0.1.3 | 2.00 | 70.00 | 72.00 | OK | |
| r-release-windows-x86_64 | 0.1.3 | 3.00 | 69.00 | 72.00 | OK | |
| r-oldrel-macos-arm64 | 0.1.3 | 1.00 | 26.00 | 27.00 | NOTE | |
| r-oldrel-macos-x86_64 | 0.1.3 | 2.00 | 61.00 | 63.00 | NOTE | |
| r-oldrel-windows-x86_64 | 0.1.3 | 6.00 | 77.00 | 83.00 | NOTE | 
Version: 0.1.3
Check: LazyData
Result: NOTE
    'LazyData' is specified without a 'data' directory
Flavors: r-oldrel-macos-arm64, r-oldrel-macos-x86_64, r-oldrel-windows-x86_64