Last updated on 2024-05-09 10:50:03 CEST.
Flavor | Version | Tinstall | Tcheck | Ttotal | Status | Flags |
---|---|---|---|---|---|---|
r-devel-linux-x86_64-debian-clang | 1.1.2 | 63.42 | 37.27 | 100.69 | OK | |
r-devel-linux-x86_64-debian-gcc | 1.1.2 | 45.83 | 30.32 | 76.15 | OK | |
r-devel-linux-x86_64-fedora-clang | 1.1.2 | 138.65 | OK | |||
r-devel-linux-x86_64-fedora-gcc | 1.1.2 | 195.57 | OK | |||
r-devel-windows-x86_64 | 1.1.2 | 53.00 | 68.00 | 121.00 | OK | |
r-patched-linux-x86_64 | 1.1.2 | 61.96 | 38.47 | 100.43 | OK | |
r-release-linux-x86_64 | 1.1.2 | 55.08 | 38.51 | 93.59 | OK | |
r-release-macos-arm64 | 1.1.2 | 42.00 | NOTE | |||
r-release-windows-x86_64 | 1.1.2 | 54.00 | 72.00 | 126.00 | OK | |
r-oldrel-macos-arm64 | 1.1.2 | 47.00 | NOTE | |||
r-oldrel-macos-x86_64 | 1.1.2 | 69.00 | NOTE | |||
r-oldrel-windows-x86_64 | 1.1.2 | 64.00 | 75.00 | 139.00 | OK |
Version: 1.1.2
Check: installed package size
Result: NOTE
installed size is 8.0Mb
sub-directories of 1Mb or more:
libs 7.6Mb
Flavors: r-release-macos-arm64, r-oldrel-macos-arm64, r-oldrel-macos-x86_64