Last updated on 2024-05-09 10:50:03 CEST.
Flavor | Version | Tinstall | Tcheck | Ttotal | Status | Flags |
---|---|---|---|---|---|---|
r-devel-linux-x86_64-debian-clang | 1.1.0 | 7.57 | 93.50 | 101.07 | NOTE | |
r-devel-linux-x86_64-debian-gcc | 1.1.0 | 5.41 | 67.44 | 72.85 | NOTE | |
r-devel-linux-x86_64-fedora-clang | 1.1.0 | 126.42 | NOTE | |||
r-devel-linux-x86_64-fedora-gcc | 1.1.0 | 184.92 | NOTE | |||
r-devel-windows-x86_64 | 1.1.0 | 7.00 | 80.00 | 87.00 | NOTE | |
r-patched-linux-x86_64 | 1.1.0 | 7.63 | 90.12 | 97.75 | NOTE | |
r-release-linux-x86_64 | 1.1.0 | 8.41 | 88.34 | 96.75 | NOTE | |
r-release-macos-arm64 | 1.1.0 | 45.00 | NOTE | |||
r-release-windows-x86_64 | 1.1.0 | 7.00 | 84.00 | 91.00 | NOTE | |
r-oldrel-macos-arm64 | 1.1.0 | 50.00 | NOTE | |||
r-oldrel-macos-x86_64 | 1.1.0 | 77.00 | NOTE | |||
r-oldrel-windows-x86_64 | 1.1.0 | 7.00 | 102.00 | 109.00 | NOTE |
Version: 1.1.0
Check: LazyData
Result: NOTE
'LazyData' is specified without a 'data' directory
Flavors: r-devel-linux-x86_64-debian-clang, r-devel-linux-x86_64-debian-gcc, r-devel-linux-x86_64-fedora-clang, r-devel-linux-x86_64-fedora-gcc, r-devel-windows-x86_64, r-patched-linux-x86_64, r-release-linux-x86_64, r-release-macos-arm64, r-release-windows-x86_64, r-oldrel-macos-arm64, r-oldrel-macos-x86_64, r-oldrel-windows-x86_64