Last updated on 2024-05-09 10:50:02 CEST.
Flavor | Version | Tinstall | Tcheck | Ttotal | Status | Flags |
---|---|---|---|---|---|---|
r-devel-linux-x86_64-debian-clang | 0.4.0 | 2.72 | 32.67 | 35.39 | NOTE | |
r-devel-linux-x86_64-debian-gcc | 0.4.0 | 1.98 | 24.69 | 26.67 | NOTE | |
r-devel-linux-x86_64-fedora-clang | 0.4.0 | 43.49 | NOTE | |||
r-devel-linux-x86_64-fedora-gcc | 0.4.0 | 76.22 | NOTE | |||
r-devel-windows-x86_64 | 0.4.0 | 4.00 | 46.00 | 50.00 | NOTE | |
r-patched-linux-x86_64 | 0.4.0 | 3.44 | 31.37 | 34.81 | NOTE | |
r-release-linux-x86_64 | 0.4.0 | 3.23 | 31.39 | 34.62 | NOTE | |
r-release-macos-arm64 | 0.4.0 | 18.00 | NOTE | |||
r-release-windows-x86_64 | 0.4.0 | 4.00 | 45.00 | 49.00 | NOTE | |
r-oldrel-macos-arm64 | 0.4.0 | 18.00 | NOTE | |||
r-oldrel-macos-x86_64 | 0.4.0 | 25.00 | NOTE | |||
r-oldrel-windows-x86_64 | 0.4.0 | 5.00 | 48.00 | 53.00 | NOTE |
Version: 0.4.0
Check: LazyData
Result: NOTE
'LazyData' is specified without a 'data' directory
Flavors: r-devel-linux-x86_64-debian-clang, r-devel-linux-x86_64-debian-gcc, r-devel-linux-x86_64-fedora-clang, r-devel-linux-x86_64-fedora-gcc, r-devel-windows-x86_64, r-patched-linux-x86_64, r-release-linux-x86_64, r-release-macos-arm64, r-release-windows-x86_64, r-oldrel-macos-arm64, r-oldrel-macos-x86_64, r-oldrel-windows-x86_64