Last updated on 2024-05-09 10:50:01 CEST.
Flavor | Version | Tinstall | Tcheck | Ttotal | Status | Flags |
---|---|---|---|---|---|---|
r-devel-linux-x86_64-debian-clang | 0.1.4 | 7.24 | 58.09 | 65.33 | NOTE | |
r-devel-linux-x86_64-debian-gcc | 0.1.4 | 4.71 | 43.69 | 48.40 | NOTE | |
r-devel-linux-x86_64-fedora-clang | 0.1.4 | 81.85 | NOTE | |||
r-devel-linux-x86_64-fedora-gcc | 0.1.4 | 115.73 | NOTE | |||
r-devel-windows-x86_64 | 0.1.4 | 8.00 | 64.00 | 72.00 | NOTE | |
r-patched-linux-x86_64 | 0.1.4 | 3.96 | 54.09 | 58.05 | NOTE | |
r-release-linux-x86_64 | 0.1.4 | 3.99 | 54.25 | 58.24 | NOTE | |
r-release-macos-arm64 | 0.1.4 | 37.00 | NOTE | |||
r-release-windows-x86_64 | 0.1.4 | 7.00 | 63.00 | 70.00 | NOTE | |
r-oldrel-macos-arm64 | 0.1.4 | 35.00 | NOTE | |||
r-oldrel-macos-x86_64 | 0.1.4 | 51.00 | NOTE | |||
r-oldrel-windows-x86_64 | 0.1.4 | 8.00 | 67.00 | 75.00 | NOTE |
Version: 0.1.4
Check: LazyData
Result: NOTE
'LazyData' is specified without a 'data' directory
Flavors: r-devel-linux-x86_64-debian-clang, r-devel-linux-x86_64-debian-gcc, r-devel-linux-x86_64-fedora-clang, r-devel-linux-x86_64-fedora-gcc, r-devel-windows-x86_64, r-patched-linux-x86_64, r-release-linux-x86_64, r-release-macos-arm64, r-release-windows-x86_64, r-oldrel-macos-arm64, r-oldrel-macos-x86_64, r-oldrel-windows-x86_64