Last updated on 2025-10-31 09:50:27 CET.
| Flavor | Version | Tinstall | Tcheck | Ttotal | Status | Flags | 
|---|---|---|---|---|---|---|
| r-devel-linux-x86_64-debian-clang | 0.1.1 | 1.75 | 42.22 | 43.97 | NOTE | |
| r-devel-linux-x86_64-debian-gcc | 0.1.1 | 1.35 | 26.41 | 27.76 | NOTE | |
| r-devel-linux-x86_64-fedora-clang | 0.1.1 | 67.17 | OK | |||
| r-devel-linux-x86_64-fedora-gcc | 0.1.1 | 63.68 | OK | |||
| r-devel-windows-x86_64 | 0.1.1 | 3.00 | 50.00 | 53.00 | OK | |
| r-patched-linux-x86_64 | 0.1.1 | 1.75 | 39.85 | 41.60 | OK | |
| r-release-linux-x86_64 | 0.1.1 | 1.70 | 40.11 | 41.81 | OK | |
| r-release-macos-arm64 | 0.1.1 | 1.00 | 20.00 | 21.00 | OK | |
| r-release-macos-x86_64 | 0.1.1 | 2.00 | 45.00 | 47.00 | OK | |
| r-release-windows-x86_64 | 0.1.1 | 4.00 | 51.00 | 55.00 | OK | |
| r-oldrel-macos-arm64 | 0.1.1 | 1.00 | 21.00 | 22.00 | NOTE | |
| r-oldrel-macos-x86_64 | 0.1.1 | 2.00 | 30.00 | 32.00 | NOTE | |
| r-oldrel-windows-x86_64 | 0.1.1 | 3.00 | 50.00 | 53.00 | NOTE | 
Version: 0.1.1
Check: CRAN incoming feasibility
Result: NOTE
  Maintainer: ‘Liam Bressler <liam.bressler@yale.edu>’
  
  No Authors@R field in DESCRIPTION.
  Please add one, modifying
    Authors@R: person(given = "Liam",
                      family = "Bressler",
                      role = c("aut", "cre"),
                      email = "liam.bressler@yale.edu")
  as necessary.
Flavors: r-devel-linux-x86_64-debian-clang, r-devel-linux-x86_64-debian-gcc
Version: 0.1.1
Check: LazyData
Result: NOTE
    'LazyData' is specified without a 'data' directory
Flavors: r-oldrel-macos-arm64, r-oldrel-macos-x86_64, r-oldrel-windows-x86_64