Last updated on 2025-11-02 10:50:56 CET.
| Flavor | Version | Tinstall | Tcheck | Ttotal | Status | Flags |
|---|---|---|---|---|---|---|
| r-devel-linux-x86_64-debian-clang | 0.0.5 | 8.20 | 131.62 | 139.82 | OK | |
| r-devel-linux-x86_64-debian-gcc | 0.0.5 | 5.35 | 91.66 | 97.01 | OK | |
| r-devel-linux-x86_64-fedora-clang | 0.0.5 | 20.00 | 199.08 | 219.08 | NOTE | |
| r-devel-linux-x86_64-fedora-gcc | 0.0.5 | 15.00 | 205.35 | 220.35 | NOTE | |
| r-devel-windows-x86_64 | 0.0.5 | 10.00 | 140.00 | 150.00 | OK | |
| r-patched-linux-x86_64 | 0.0.5 | 7.05 | 124.01 | 131.06 | OK | |
| r-release-linux-x86_64 | 0.0.5 | 7.48 | 124.57 | 132.05 | OK | |
| r-release-macos-arm64 | 0.0.5 | 3.00 | 58.00 | 61.00 | OK | |
| r-release-macos-x86_64 | 0.0.5 | 6.00 | 107.00 | 113.00 | OK | |
| r-release-windows-x86_64 | 0.0.5 | 9.00 | 138.00 | 147.00 | OK | |
| r-oldrel-macos-arm64 | 0.0.5 | 3.00 | 55.00 | 58.00 | OK | |
| r-oldrel-macos-x86_64 | 0.0.5 | 4.00 | 86.00 | 90.00 | OK | |
| r-oldrel-windows-x86_64 | 0.0.5 | 14.00 | 178.00 | 192.00 | OK |
Version: 0.0.5
Check: dependencies in R code
Result: NOTE
Namespaces in Imports field not imported from:
‘itsadug’ ‘mgcv’
All declared Imports should be used.
Flavors: r-devel-linux-x86_64-fedora-clang, r-devel-linux-x86_64-fedora-gcc