Last updated on 2025-10-31 09:50:26 CET.
| Flavor | Version | Tinstall | Tcheck | Ttotal | Status | Flags | 
|---|---|---|---|---|---|---|
| r-devel-linux-x86_64-debian-clang | 1.1.2 | 1.67 | 26.94 | 28.61 | NOTE | |
| r-devel-linux-x86_64-debian-gcc | 1.1.2 | 1.39 | 20.47 | 21.86 | NOTE | |
| r-devel-linux-x86_64-fedora-clang | 1.1.2 | 42.95 | OK | |||
| r-devel-linux-x86_64-fedora-gcc | 1.1.2 | 40.96 | OK | |||
| r-devel-windows-x86_64 | 1.1.2 | 3.00 | 52.00 | 55.00 | OK | |
| r-patched-linux-x86_64 | 1.1.2 | 1.71 | 25.17 | 26.88 | OK | |
| r-release-linux-x86_64 | 1.1.2 | 1.59 | 25.28 | 26.87 | OK | |
| r-release-macos-arm64 | 1.1.2 | 1.00 | 18.00 | 19.00 | OK | |
| r-release-macos-x86_64 | 1.1.2 | 2.00 | 28.00 | 30.00 | OK | |
| r-release-windows-x86_64 | 1.1.2 | 4.00 | 47.00 | 51.00 | OK | |
| r-oldrel-macos-arm64 | 1.1.2 | 1.00 | 17.00 | 18.00 | OK | |
| r-oldrel-macos-x86_64 | 1.1.2 | 1.00 | 23.00 | 24.00 | OK | |
| r-oldrel-windows-x86_64 | 1.1.2 | 3.00 | 48.00 | 51.00 | OK | 
Version: 1.1.2
Check: CRAN incoming feasibility
Result: NOTE
  Maintainer: ‘Travis Loux <travis.loux@slu.edu>’
  
  No Authors@R field in DESCRIPTION.
  Please add one, modifying
    Authors@R: person(given = "Travis",
                      family = "Loux",
                      role = c("aut", "cre"),
                      email = "travis.loux@slu.edu")
  as necessary.
Flavors: r-devel-linux-x86_64-debian-clang, r-devel-linux-x86_64-debian-gcc