Last updated on 2024-05-09 10:49:59 CEST.
Flavor | Version | Tinstall | Tcheck | Ttotal | Status | Flags |
---|---|---|---|---|---|---|
r-devel-linux-x86_64-debian-clang | 0.3.4 | 10.86 | 68.06 | 78.92 | NOTE | |
r-devel-linux-x86_64-debian-gcc | 0.3.4 | 7.03 | 50.92 | 57.95 | NOTE | |
r-devel-linux-x86_64-fedora-clang | 0.3.4 | 102.24 | NOTE | |||
r-devel-linux-x86_64-fedora-gcc | 0.3.4 | 172.55 | NOTE | |||
r-devel-windows-x86_64 | 0.3.4 | 8.00 | 72.00 | 80.00 | NOTE | |
r-patched-linux-x86_64 | 0.3.4 | 12.97 | 66.23 | 79.20 | NOTE | |
r-release-linux-x86_64 | 0.3.4 | 7.87 | 63.94 | 71.81 | NOTE | |
r-release-macos-arm64 | 0.3.4 | 33.00 | NOTE | |||
r-release-macos-x86_64 | 0.3.4 | 66.00 | NOTE | |||
r-release-windows-x86_64 | 0.3.4 | 8.00 | 73.00 | 81.00 | NOTE | |
r-oldrel-macos-arm64 | 0.3.4 | 38.00 | NOTE | |||
r-oldrel-macos-x86_64 | 0.3.4 | 48.00 | NOTE | |||
r-oldrel-windows-x86_64 | 0.3.4 | 10.00 | 82.00 | 92.00 | NOTE |
Version: 0.3.4
Check: LazyData
Result: NOTE
'LazyData' is specified without a 'data' directory
Flavors: r-devel-linux-x86_64-debian-clang, r-devel-linux-x86_64-debian-gcc, r-devel-linux-x86_64-fedora-clang, r-devel-linux-x86_64-fedora-gcc, r-devel-windows-x86_64, r-patched-linux-x86_64, r-release-linux-x86_64, r-release-macos-arm64, r-release-macos-x86_64, r-release-windows-x86_64, r-oldrel-macos-arm64, r-oldrel-macos-x86_64, r-oldrel-windows-x86_64