CRAN Package Check Results for Package PantaRhei

Last updated on 2025-10-23 10:48:50 CEST.

Flavor Version Tinstall Tcheck Ttotal Status Flags
r-devel-linux-x86_64-debian-clang 0.1.2 4.26 43.61 47.87 OK
r-devel-linux-x86_64-debian-gcc 0.1.2 2.47 33.10 35.57 OK
r-devel-linux-x86_64-fedora-clang 0.1.2 70.61 NOTE
r-devel-linux-x86_64-fedora-gcc 0.1.2 79.73 NOTE
r-devel-windows-x86_64 0.1.2 5.00 54.00 59.00 OK
r-patched-linux-x86_64 0.1.2 4.10 41.35 45.45 OK
r-release-linux-x86_64 0.1.2 3.55 41.17 44.72 OK
r-release-macos-arm64 0.1.2 2.00 26.00 28.00 OK
r-release-macos-x86_64 0.1.2 4.00 52.00 56.00 OK
r-release-windows-x86_64 0.1.2 5.00 56.00 61.00 OK
r-oldrel-macos-arm64 0.1.2 2.00 25.00 27.00 OK
r-oldrel-macos-x86_64 0.1.2 4.00 39.00 43.00 OK
r-oldrel-windows-x86_64 0.1.2 5.00 64.00 69.00 OK

Check Details

Version: 0.1.2
Check: dependencies in R code
Result: NOTE Namespace in Imports field not imported from: ‘utils’ All declared Imports should be used. Flavors: r-devel-linux-x86_64-fedora-clang, r-devel-linux-x86_64-fedora-gcc