Last updated on 2024-05-09 10:49:59 CEST.
Flavor | Version | Tinstall | Tcheck | Ttotal | Status | Flags |
---|---|---|---|---|---|---|
r-devel-linux-x86_64-debian-clang | 0.1.0 | 6.83 | 44.88 | 51.71 | NOTE | |
r-devel-linux-x86_64-debian-gcc | 0.1.0 | 4.69 | 32.95 | 37.64 | NOTE | |
r-devel-linux-x86_64-fedora-clang | 0.1.0 | 63.68 | NOTE | |||
r-devel-linux-x86_64-fedora-gcc | 0.1.0 | 96.25 | NOTE | |||
r-devel-windows-x86_64 | 0.1.0 | 7.00 | 54.00 | 61.00 | NOTE | |
r-patched-linux-x86_64 | 0.1.0 | 6.06 | 41.86 | 47.92 | NOTE | |
r-release-linux-x86_64 | 0.1.0 | 5.49 | 42.55 | 48.04 | NOTE | |
r-release-macos-arm64 | 0.1.0 | 30.00 | NOTE | |||
r-release-windows-x86_64 | 0.1.0 | 7.00 | 52.00 | 59.00 | NOTE | |
r-oldrel-macos-arm64 | 0.1.0 | 30.00 | OK | |||
r-oldrel-macos-x86_64 | 0.1.0 | 45.00 | OK | |||
r-oldrel-windows-x86_64 | 0.1.0 | 10.00 | 55.00 | 65.00 | OK |
Version: 0.1.0
Check: Rd files
Result: NOTE
checkRd: (-1) PakPMICS2018bh.Rd:88: Lost braces in \enumerate; meant \describe ?
checkRd: (-1) PakPMICS2018bh.Rd:89: Lost braces in \enumerate; meant \describe ?
Flavors: r-devel-linux-x86_64-debian-clang, r-devel-linux-x86_64-debian-gcc, r-devel-linux-x86_64-fedora-clang, r-devel-linux-x86_64-fedora-gcc, r-devel-windows-x86_64, r-patched-linux-x86_64, r-release-linux-x86_64, r-release-macos-arm64, r-release-windows-x86_64