Last updated on 2025-10-31 09:50:26 CET.
| Flavor | Version | Tinstall | Tcheck | Ttotal | Status | Flags | 
|---|---|---|---|---|---|---|
| r-devel-linux-x86_64-debian-clang | 0.2-7 | 10.04 | 97.75 | 107.79 | NOTE | |
| r-devel-linux-x86_64-debian-gcc | 0.2-7 | 6.53 | 70.97 | 77.50 | NOTE | |
| r-devel-linux-x86_64-fedora-clang | 0.2-7 | 20.00 | 148.36 | 168.36 | OK | |
| r-devel-linux-x86_64-fedora-gcc | 0.2-7 | 21.00 | 148.60 | 169.60 | OK | |
| r-devel-windows-x86_64 | 0.2-7 | 12.00 | 113.00 | 125.00 | OK | |
| r-patched-linux-x86_64 | 0.2-7 | 9.66 | 92.71 | 102.37 | OK | |
| r-release-linux-x86_64 | 0.2-7 | 8.77 | 93.53 | 102.30 | OK | |
| r-release-macos-arm64 | 0.2-7 | 4.00 | 46.00 | 50.00 | OK | |
| r-release-macos-x86_64 | 0.2-7 | 8.00 | 86.00 | 94.00 | OK | |
| r-release-windows-x86_64 | 0.2-7 | 11.00 | 117.00 | 128.00 | OK | |
| r-oldrel-macos-arm64 | 0.2-7 | 4.00 | 45.00 | 49.00 | OK | |
| r-oldrel-macos-x86_64 | 0.2-7 | 7.00 | 69.00 | 76.00 | OK | |
| r-oldrel-windows-x86_64 | 0.2-7 | 15.00 | 153.00 | 168.00 | OK | 
Version: 0.2-7
Check: CRAN incoming feasibility
Result: NOTE
  Maintainer: ‘Tammo Krueger <tammokrueger@googlemail.com>’
  
  No Authors@R field in DESCRIPTION.
  Please add one, modifying
    Authors@R: c(person(given = "Tammo",
                        family = "Krueger",
                        role = c("aut", "cre"),
                        email = "tammokrueger@googlemail.com"),
                 person(given = "Nicole",
                        family = "Kraemer",
                        role = "aut"))
  as necessary.
Flavors: r-devel-linux-x86_64-debian-clang, r-devel-linux-x86_64-debian-gcc