Last updated on 2025-11-21 09:49:12 CET.
| Flavor | Version | Tinstall | Tcheck | Ttotal | Status | Flags |
|---|---|---|---|---|---|---|
| r-devel-linux-x86_64-debian-clang | 1.0.0 | 1.91 | 24.02 | 25.93 | NOTE | |
| r-devel-linux-x86_64-debian-gcc | 1.0.0 | 1.66 | 19.82 | 21.48 | NOTE | |
| r-devel-linux-x86_64-fedora-clang | 1.0.0 | 38.83 | OK | |||
| r-devel-linux-x86_64-fedora-gcc | 1.0.0 | 35.98 | OK | |||
| r-devel-windows-x86_64 | 1.0.0 | 6.00 | 43.00 | 49.00 | OK | |
| r-patched-linux-x86_64 | 1.0.0 | 2.04 | 22.52 | 24.56 | OK | |
| r-release-linux-x86_64 | 1.0.0 | 2.01 | 22.32 | 24.33 | OK | |
| r-release-macos-arm64 | 1.0.0 | OK | ||||
| r-release-macos-x86_64 | 1.0.0 | 2.00 | 26.00 | 28.00 | OK | |
| r-release-windows-x86_64 | 1.0.0 | 3.00 | 48.00 | 51.00 | OK | |
| r-oldrel-macos-arm64 | 1.0.0 | OK | ||||
| r-oldrel-macos-x86_64 | 1.0.0 | 2.00 | 21.00 | 23.00 | OK | |
| r-oldrel-windows-x86_64 | 1.0.0 | 3.00 | 47.00 | 50.00 | OK |
Version: 1.0.0
Check: CRAN incoming feasibility
Result: NOTE
Maintainer: ‘Jiacheng Miao <jiacheng.miao@wisc.edu>’
The Description field contains
(2023) <arXiv:2311.14220>.
Please refer to arXiv e-prints via their arXiv DOI <doi:10.48550/arXiv.YYMM.NNNNN>.
Flavors: r-devel-linux-x86_64-debian-clang, r-devel-linux-x86_64-debian-gcc