Last updated on 2025-10-31 09:50:26 CET.
| Flavor | Version | Tinstall | Tcheck | Ttotal | Status | Flags | 
|---|---|---|---|---|---|---|
| r-devel-linux-x86_64-debian-clang | 0.1.0 | 1.55 | 19.41 | 20.96 | NOTE | |
| r-devel-linux-x86_64-debian-gcc | 0.1.0 | 1.33 | 16.46 | 17.79 | NOTE | |
| r-devel-linux-x86_64-fedora-clang | 0.1.0 | 30.88 | OK | |||
| r-devel-linux-x86_64-fedora-gcc | 0.1.0 | 27.36 | OK | |||
| r-devel-windows-x86_64 | 0.1.0 | 3.00 | 36.00 | 39.00 | OK | |
| r-patched-linux-x86_64 | 0.1.0 | 1.41 | 16.94 | 18.35 | OK | |
| r-release-linux-x86_64 | 0.1.0 | 1.44 | 17.00 | 18.44 | OK | |
| r-release-macos-arm64 | 0.1.0 | 1.00 | 13.00 | 14.00 | OK | |
| r-release-macos-x86_64 | 0.1.0 | 1.00 | 20.00 | 21.00 | OK | |
| r-release-windows-x86_64 | 0.1.0 | 3.00 | 37.00 | 40.00 | OK | |
| r-oldrel-macos-arm64 | 0.1.0 | 1.00 | 13.00 | 14.00 | NOTE | |
| r-oldrel-macos-x86_64 | 0.1.0 | 1.00 | 18.00 | 19.00 | NOTE | |
| r-oldrel-windows-x86_64 | 0.1.0 | 2.00 | 41.00 | 43.00 | NOTE | 
Version: 0.1.0
Check: CRAN incoming feasibility
Result: NOTE
  Maintainer: ‘Jake Lawlor <jakealawlor@gmail.com>’
  
  No Authors@R field in DESCRIPTION.
  Please add one, modifying
    Authors@R: person(given = "Jake",
                      family = "Lawlor",
                      role = c("aut", "cre"),
                      email = "jakealawlor@gmail.com")
  as necessary.
Flavors: r-devel-linux-x86_64-debian-clang, r-devel-linux-x86_64-debian-gcc
Version: 0.1.0
Check: LazyData
Result: NOTE
    'LazyData' is specified without a 'data' directory
Flavors: r-oldrel-macos-arm64, r-oldrel-macos-x86_64, r-oldrel-windows-x86_64