CRAN Package Check Results for Package NetDA

Last updated on 2025-11-05 09:52:32 CET.

Flavor Version Tinstall Tcheck Ttotal Status Flags
r-devel-linux-x86_64-debian-clang 0.2.0 1.67 24.81 26.48 NOTE
r-devel-linux-x86_64-debian-gcc 0.2.0 1.24 20.85 22.09 NOTE
r-devel-linux-x86_64-fedora-clang 0.2.0 41.82 OK
r-devel-linux-x86_64-fedora-gcc 0.2.0 52.51 OK
r-devel-windows-x86_64 0.2.0 3.00 50.00 53.00 OK
r-patched-linux-x86_64 0.2.0 1.58 23.74 25.32 OK
r-release-linux-x86_64 0.2.0 1.68 24.01 25.69 OK
r-release-macos-arm64 0.2.0 1.00 26.00 27.00 OK
r-release-macos-x86_64 0.2.0 2.00 50.00 52.00 OK
r-release-windows-x86_64 0.2.0 3.00 47.00 50.00 OK
r-oldrel-macos-arm64 0.2.0 1.00 25.00 26.00 OK
r-oldrel-macos-x86_64 0.2.0 2.00 42.00 44.00 OK
r-oldrel-windows-x86_64 0.2.0 4.00 55.00 59.00 OK

Check Details

Version: 0.2.0
Check: CRAN incoming feasibility
Result: NOTE Maintainer: ‘Li-Pang Chen <lchen723@nccu.edu.tw>’ No Authors@R field in DESCRIPTION. Please add one, modifying Authors@R: person(given = "Li-Pang", family = "Chen", role = c("aut", "cre"), email = "lchen723@nccu.edu.tw") as necessary. Flavors: r-devel-linux-x86_64-debian-clang, r-devel-linux-x86_64-debian-gcc