Last updated on 2024-05-09 10:49:57 CEST.
Flavor | Version | Tinstall | Tcheck | Ttotal | Status | Flags |
---|---|---|---|---|---|---|
r-devel-linux-x86_64-debian-clang | 1.0.3 | 89.90 | 68.29 | 158.19 | OK | |
r-devel-linux-x86_64-debian-gcc | 1.0.3 | 79.40 | 51.82 | 131.22 | OK | |
r-devel-windows-x86_64 | 1.0.3 | 77.00 | 86.00 | 163.00 | OK | |
r-patched-linux-x86_64 | 1.0.3 | 98.65 | 66.44 | 165.09 | OK | |
r-release-linux-x86_64 | 1.0.3 | 93.55 | 66.45 | 160.00 | OK | |
r-release-macos-arm64 | 1.0.3 | 49.00 | NOTE | |||
r-release-macos-x86_64 | 1.0.3 | 110.00 | NOTE | |||
r-release-windows-x86_64 | 1.0.3 | 83.00 | 89.00 | 172.00 | OK | |
r-oldrel-macos-arm64 | 1.0.3 | 54.00 | NOTE | |||
r-oldrel-macos-x86_64 | 1.0.3 | 96.00 | NOTE | |||
r-oldrel-windows-x86_64 | 1.0.3 | 98.00 | 108.00 | 206.00 | OK |
Version: 1.0.3
Check: installed package size
Result: NOTE
installed size is 5.7Mb
sub-directories of 1Mb or more:
libs 5.6Mb
Flavors: r-release-macos-arm64, r-release-macos-x86_64, r-oldrel-macos-arm64, r-oldrel-macos-x86_64