Last updated on 2025-10-31 09:50:23 CET.
| Flavor | Version | Tinstall | Tcheck | Ttotal | Status | Flags | 
|---|---|---|---|---|---|---|
| r-devel-linux-x86_64-debian-clang | 0.1.1 | 1.73 | 20.50 | 22.23 | NOTE | |
| r-devel-linux-x86_64-debian-gcc | 0.1.1 | 1.57 | 16.61 | 18.18 | NOTE | |
| r-devel-linux-x86_64-fedora-clang | 0.1.1 | 33.89 | OK | |||
| r-devel-linux-x86_64-fedora-gcc | 0.1.1 | 30.51 | OK | |||
| r-devel-windows-x86_64 | 0.1.1 | 3.00 | 39.00 | 42.00 | OK | |
| r-patched-linux-x86_64 | 0.1.1 | 1.74 | 19.19 | 20.93 | OK | |
| r-release-linux-x86_64 | 0.1.1 | 1.47 | 19.23 | 20.70 | OK | |
| r-release-macos-arm64 | 0.1.1 | 1.00 | 17.00 | 18.00 | OK | |
| r-release-macos-x86_64 | 0.1.1 | 3.00 | 34.00 | 37.00 | OK | |
| r-release-windows-x86_64 | 0.1.1 | 5.00 | 41.00 | 46.00 | OK | |
| r-oldrel-macos-arm64 | 0.1.1 | 1.00 | 13.00 | 14.00 | OK | |
| r-oldrel-macos-x86_64 | 0.1.1 | 2.00 | 27.00 | 29.00 | OK | |
| r-oldrel-windows-x86_64 | 0.1.1 | 3.00 | 40.00 | 43.00 | OK | 
Version: 0.1.1
Check: CRAN incoming feasibility
Result: NOTE
  Maintainer: ‘"Markus Loecher" <markus.loecher@gmail.com>’
  
  No Authors@R field in DESCRIPTION.
  Please add one, modifying
    Authors@R: c(person(given = "\"Markus",
                        family = "Loecher",
                        role = c("aut", "cre"),
                        email = "markus.loecher@gmail.com"),
                 person(given = c("Berlin", "School", "of"),
                        family = "Economics",
                        role = "aut"),
                 person(family = "Law\"",
                        role = "aut",
                        email = "markus.loecher@gmail.com",
                        comment = "BSEL"))
  as necessary.
Flavors: r-devel-linux-x86_64-debian-clang, r-devel-linux-x86_64-debian-gcc