Last updated on 2025-11-22 09:49:59 CET.
| Flavor | Version | Tinstall | Tcheck | Ttotal | Status | Flags |
|---|---|---|---|---|---|---|
| r-devel-linux-x86_64-debian-clang | 1.0.6 | 3.61 | 57.64 | 61.25 | NOTE | |
| r-devel-linux-x86_64-debian-gcc | 1.0.6 | 2.47 | 43.17 | 45.64 | NOTE | |
| r-devel-linux-x86_64-fedora-clang | 1.0.6 | 95.35 | OK | |||
| r-devel-windows-x86_64 | 1.0.6 | 5.00 | 71.00 | 76.00 | OK | |
| r-patched-linux-x86_64 | 1.0.6 | 3.34 | 54.23 | 57.57 | OK | |
| r-release-linux-x86_64 | 1.0.6 | 2.77 | 54.30 | 57.07 | OK | |
| r-release-macos-arm64 | 1.0.6 | OK | ||||
| r-release-macos-x86_64 | 1.0.6 | 3.00 | 62.00 | 65.00 | OK | |
| r-release-windows-x86_64 | 1.0.6 | 5.00 | 70.00 | 75.00 | OK | |
| r-oldrel-macos-arm64 | 1.0.6 | OK | ||||
| r-oldrel-macos-x86_64 | 1.0.6 | 3.00 | 47.00 | 50.00 | OK | |
| r-oldrel-windows-x86_64 | 1.0.6 | 6.00 | 93.00 | 99.00 | OK |
Version: 1.0.6
Check: CRAN incoming feasibility
Result: NOTE
Maintainer: ‘Christian Hendrik Leschinski <christian_leschinski@gmx.de>’
No Authors@R field in DESCRIPTION.
Please add one, modifying
Authors@R: person(given = c("Christian", "Hendrik"),
family = "Leschinski",
role = c("aut", "cre"),
email = "christian_leschinski@gmx.de")
as necessary.
Flavors: r-devel-linux-x86_64-debian-clang, r-devel-linux-x86_64-debian-gcc