Last updated on 2025-10-25 09:49:35 CEST.
| Flavor | Version | Tinstall | Tcheck | Ttotal | Status | Flags |
|---|---|---|---|---|---|---|
| r-devel-linux-x86_64-debian-clang | 1.60 | 2.82 | 23.21 | 26.03 | NOTE | |
| r-devel-linux-x86_64-debian-gcc | 1.60 | 2.59 | 18.38 | 20.97 | NOTE | |
| r-devel-linux-x86_64-fedora-clang | 1.60 | 39.06 | OK | |||
| r-devel-linux-x86_64-fedora-gcc | 1.60 | 38.03 | OK | |||
| r-devel-windows-x86_64 | 1.60 | 3.00 | 37.00 | 40.00 | OK | |
| r-patched-linux-x86_64 | 1.60 | 3.05 | 21.72 | 24.77 | OK | |
| r-release-linux-x86_64 | 1.60 | 2.42 | 21.96 | 24.38 | OK | |
| r-release-macos-arm64 | 1.60 | 1.00 | 13.00 | 14.00 | OK | |
| r-release-macos-x86_64 | 1.60 | 3.00 | 24.00 | 27.00 | OK | |
| r-release-windows-x86_64 | 1.60 | 4.00 | 38.00 | 42.00 | OK | |
| r-oldrel-macos-arm64 | 1.60 | 1.00 | 14.00 | 15.00 | OK | |
| r-oldrel-macos-x86_64 | 1.60 | 2.00 | 22.00 | 24.00 | OK | |
| r-oldrel-windows-x86_64 | 1.60 | 3.00 | 38.00 | 41.00 | OK |
Version: 1.60
Check: CRAN incoming feasibility
Result: NOTE
Maintainer: ‘Ilja M. Nolte <i.m.nolte@umcg.nl>’
No Authors@R field in DESCRIPTION.
Please add one, modifying
Authors@R: person(given = c("Ilja", "M."),
family = "Nolte",
role = c("aut", "cre"),
email = "i.m.nolte@umcg.nl")
as necessary.
Flavors: r-devel-linux-x86_64-debian-clang, r-devel-linux-x86_64-debian-gcc