Last updated on 2024-05-09 10:49:56 CEST.
Flavor | Version | Tinstall | Tcheck | Ttotal | Status | Flags |
---|---|---|---|---|---|---|
r-devel-linux-x86_64-debian-clang | 1.0 | 30.30 | 27.96 | 58.26 | NOTE | |
r-devel-linux-x86_64-debian-gcc | 1.0 | 22.32 | 21.79 | 44.11 | NOTE | |
r-devel-linux-x86_64-fedora-clang | 1.0 | 78.90 | NOTE | |||
r-devel-linux-x86_64-fedora-gcc | 1.0 | 130.73 | NOTE | |||
r-devel-windows-x86_64 | 1.0 | 23.00 | 62.00 | 85.00 | NOTE | |
r-patched-linux-x86_64 | 1.0 | 31.04 | 27.46 | 58.50 | NOTE | |
r-release-linux-x86_64 | 1.0 | 22.90 | 26.56 | 49.46 | NOTE | |
r-release-macos-arm64 | 1.0 | 22.00 | NOTE | |||
r-release-windows-x86_64 | 1.0 | 22.00 | 60.00 | 82.00 | NOTE | |
r-oldrel-macos-arm64 | 1.0 | 28.00 | NOTE | |||
r-oldrel-macos-x86_64 | 1.0 | 38.00 | NOTE | |||
r-oldrel-windows-x86_64 | 1.0 | 29.00 | 65.00 | 94.00 | NOTE |
Version: 1.0
Check: LazyData
Result: NOTE
'LazyData' is specified without a 'data' directory
Flavors: r-devel-linux-x86_64-debian-clang, r-devel-linux-x86_64-debian-gcc, r-devel-linux-x86_64-fedora-clang, r-devel-linux-x86_64-fedora-gcc, r-devel-windows-x86_64, r-patched-linux-x86_64, r-release-linux-x86_64, r-release-macos-arm64, r-release-windows-x86_64, r-oldrel-macos-arm64, r-oldrel-macos-x86_64, r-oldrel-windows-x86_64
Version: 1.0
Check: compiled code
Result: NOTE
File ‘MediaK/libs/MediaK.so’:
Found no calls to: ‘R_registerRoutines’, ‘R_useDynamicSymbols’
It is good practice to register native routines and to disable symbol
search.
See ‘Writing portable packages’ in the ‘Writing R Extensions’ manual.
Flavors: r-devel-linux-x86_64-fedora-clang, r-devel-linux-x86_64-fedora-gcc