Last updated on 2025-10-22 09:50:39 CEST.
Flavor | Version | Tinstall | Tcheck | Ttotal | Status | Flags |
---|---|---|---|---|---|---|
r-devel-linux-x86_64-debian-clang | 0.5.3 | 3.43 | 55.76 | 59.19 | NOTE | |
r-devel-linux-x86_64-debian-gcc | 0.5.3 | 2.73 | 40.70 | 43.43 | NOTE | |
r-devel-linux-x86_64-fedora-clang | 0.5.3 | 92.44 | OK | |||
r-devel-linux-x86_64-fedora-gcc | 0.5.3 | 12.00 | 99.71 | 111.71 | OK | |
r-devel-windows-x86_64 | 0.5.3 | 6.00 | 96.00 | 102.00 | OK | |
r-patched-linux-x86_64 | 0.5.3 | 4.76 | 52.51 | 57.27 | OK | |
r-release-linux-x86_64 | 0.5.3 | 3.67 | 52.78 | 56.45 | OK | |
r-release-macos-arm64 | 0.5.3 | 2.00 | 47.00 | 49.00 | OK | |
r-release-macos-x86_64 | 0.5.3 | 3.00 | 78.00 | 81.00 | OK | |
r-release-windows-x86_64 | 0.5.3 | 9.00 | 94.00 | 103.00 | OK | |
r-oldrel-macos-arm64 | 0.5.3 | 2.00 | 47.00 | 49.00 | OK | |
r-oldrel-macos-x86_64 | 0.5.3 | 3.00 | 77.00 | 80.00 | OK | |
r-oldrel-windows-x86_64 | 0.5.3 | 8.00 | 107.00 | 115.00 | OK |
Version: 0.5.3
Check: HTML version of manual
Result: NOTE
Found the following HTML validation problems:
initializeLogging.html:55:1 (initializeLogging.Rd:15): Warning: missing </ul> before </div>
Flavors: r-devel-linux-x86_64-debian-clang, r-devel-linux-x86_64-debian-gcc