Last updated on 2025-10-31 09:50:21 CET.
| Flavor | Version | Tinstall | Tcheck | Ttotal | Status | Flags | 
|---|---|---|---|---|---|---|
| r-devel-linux-x86_64-debian-clang | 3.0.0 | 2.84 | 39.64 | 42.48 | NOTE | |
| r-devel-linux-x86_64-debian-gcc | 3.0.0 | 2.58 | 28.61 | 31.19 | NOTE | |
| r-devel-linux-x86_64-fedora-clang | 3.0.0 | 17.00 | 48.14 | 65.14 | NOTE | |
| r-devel-linux-x86_64-fedora-gcc | 3.0.0 | 60.07 | NOTE | |||
| r-devel-windows-x86_64 | 3.0.0 | 7.00 | 76.00 | 83.00 | NOTE | |
| r-patched-linux-x86_64 | 3.0.0 | 7.27 | 37.69 | 44.96 | NOTE | |
| r-release-linux-x86_64 | 3.0.0 | 3.96 | 37.41 | 41.37 | NOTE | |
| r-release-macos-arm64 | 3.0.0 | 3.00 | 20.00 | 23.00 | NOTE | |
| r-release-macos-x86_64 | 3.0.0 | 5.00 | 31.00 | 36.00 | NOTE | |
| r-release-windows-x86_64 | 3.0.0 | 8.00 | 79.00 | 87.00 | NOTE | |
| r-oldrel-macos-arm64 | 3.0.0 | 3.00 | 18.00 | 21.00 | NOTE | |
| r-oldrel-macos-x86_64 | 3.0.0 | 4.00 | 24.00 | 28.00 | NOTE | |
| r-oldrel-windows-x86_64 | 3.0.0 | 7.00 | 77.00 | 84.00 | NOTE | 
Version: 3.0.0
Check: Rd files
Result: NOTE
  checkRd: (-1) FootballBrain.Rd:15: Lost braces; missing escapes or markup?
      15 |     { } \tab {or \code{FBConcuss}=football player with concussion history} \cr
         |     ^
  checkRd: (-1) HappyPlanetIndex.Rd:14: Lost braces; missing escapes or markup?
      14 |     { } \tab {\code{5}=South Asia, \code{6}=East Asia, \code{7}=former Communist countries}\cr
         |     ^
  checkRd: (-1) RockandRoll2012.Rd:17: Lost braces; missing escapes or markup?
      17 |     { } \tab {\code{Lifetime Achievement}, \code{Sideman}} \cr
         |     ^
  checkRd: (-1) RockandRoll2015.Rd:17: Lost braces; missing escapes or markup?
      17 |     { } \tab {\code{Lifetime Achievement}, \code{Sideman}} \cr
         |     ^
  checkRd: (-1) StudentSurvey.Rd:12: Lost braces; missing escapes or markup?
      12 |     \item{\code{Sex}}{code {F}=female or \code{M}=male}
         |                            ^
  checkRd: (-1) SynchronizedMovement.Rd:16: Lost braces; missing escapes or markup?
      16 |     { } \tab {for High/Low Synchronization + High/Low Exertion}\cr
         |     ^
  checkRd: (-1) TrafficFlow.Rd:25: Escaped LaTeX specials: \#
Flavors: r-devel-linux-x86_64-debian-clang, r-devel-linux-x86_64-debian-gcc, r-devel-linux-x86_64-fedora-clang, r-devel-linux-x86_64-fedora-gcc, r-devel-windows-x86_64, r-patched-linux-x86_64, r-release-linux-x86_64, r-release-macos-arm64, r-release-macos-x86_64, r-release-windows-x86_64, r-oldrel-macos-arm64, r-oldrel-macos-x86_64, r-oldrel-windows-x86_64