Last updated on 2025-10-10 09:50:33 CEST.
Flavor | Version | Tinstall | Tcheck | Ttotal | Status | Flags |
---|---|---|---|---|---|---|
r-devel-linux-x86_64-debian-clang | 1.0.1 | 8.76 | 101.07 | 109.83 | OK | |
r-devel-linux-x86_64-debian-gcc | 1.0.1 | 6.21 | 74.63 | 80.84 | OK | |
r-devel-linux-x86_64-fedora-clang | 1.0.1 | 176.79 | NOTE | |||
r-devel-linux-x86_64-fedora-gcc | 1.0.1 | 181.88 | NOTE | |||
r-devel-windows-x86_64 | 1.0.1 | 11.00 | 103.00 | 114.00 | OK | |
r-patched-linux-x86_64 | 1.0.1 | 7.57 | 98.21 | 105.78 | OK | |
r-release-linux-x86_64 | 1.0.1 | 7.81 | 97.12 | 104.93 | OK | |
r-release-macos-arm64 | 1.0.1 | 61.00 | OK | |||
r-release-macos-x86_64 | 1.0.1 | 93.00 | OK | |||
r-release-windows-x86_64 | 1.0.1 | 11.00 | 100.00 | 111.00 | OK | |
r-oldrel-macos-arm64 | 1.0.1 | 50.00 | OK | |||
r-oldrel-macos-x86_64 | 1.0.1 | 105.00 | OK | |||
r-oldrel-windows-x86_64 | 1.0.1 | 14.00 | 129.00 | 143.00 | OK |
Version: 1.0.1
Check: dependencies in R code
Result: NOTE
Namespaces in Imports field not imported from:
‘itertools’ ‘knitr’ ‘utils’
All declared Imports should be used.
Flavors: r-devel-linux-x86_64-fedora-clang, r-devel-linux-x86_64-fedora-gcc