CRAN Package Check Results for Package LSVAR

Last updated on 2025-11-23 12:49:54 CET.

Flavor Version Tinstall Tcheck Ttotal Status Flags
r-devel-linux-x86_64-debian-clang 1.2 2.86 33.96 36.82 NOTE
r-devel-linux-x86_64-debian-gcc 1.2 2.13 26.61 28.74 NOTE
r-devel-linux-x86_64-fedora-clang 1.2 57.29 OK
r-devel-windows-x86_64 1.2 5.00 52.00 57.00 OK
r-patched-linux-x86_64 1.2 2.75 32.16 34.91 OK
r-release-linux-x86_64 1.2 2.96 32.10 35.06 OK
r-release-macos-arm64 1.2 OK
r-release-macos-x86_64 1.2 2.00 44.00 46.00 OK
r-release-windows-x86_64 1.2 6.00 65.00 71.00 OK
r-oldrel-macos-arm64 1.2 OK
r-oldrel-macos-x86_64 1.2 2.00 35.00 37.00 OK
r-oldrel-windows-x86_64 1.2 10.00 61.00 71.00 OK

Check Details

Version: 1.2
Check: CRAN incoming feasibility
Result: NOTE Maintainer: ‘Peiliang Bai <baipl92@ufl.edu>’ No Authors@R field in DESCRIPTION. Please add one, modifying Authors@R: person(given = "Peiliang", family = "Bai", role = c("aut", "cre"), email = "baipl92@ufl.edu") as necessary. Flavors: r-devel-linux-x86_64-debian-clang, r-devel-linux-x86_64-debian-gcc