Last updated on 2025-10-31 09:50:21 CET.
| Flavor | Version | Tinstall | Tcheck | Ttotal | Status | Flags | 
|---|---|---|---|---|---|---|
| r-devel-linux-x86_64-debian-clang | 1.0.0 | 23.94 | 63.44 | 87.38 | OK | |
| r-devel-linux-x86_64-debian-gcc | 1.0.0 | 17.23 | 50.51 | 67.74 | OK | |
| r-devel-linux-x86_64-fedora-clang | 1.0.0 | 90.00 | 65.94 | 155.94 | OK | |
| r-devel-linux-x86_64-fedora-gcc | 1.0.0 | 122.00 | 22.26 | 144.26 | OK | |
| r-devel-windows-x86_64 | 1.0.0 | 35.00 | 105.00 | 140.00 | OK | |
| r-patched-linux-x86_64 | 1.0.0 | 26.20 | 62.72 | 88.92 | OK | |
| r-release-macos-arm64 | 1.0.0 | 11.00 | 27.00 | 38.00 | OK | |
| r-release-macos-x86_64 | 1.0.0 | 37.00 | 110.00 | 147.00 | OK | |
| r-release-windows-x86_64 | 1.0.0 | 30.00 | 88.00 | 118.00 | OK | |
| r-oldrel-macos-arm64 | 1.0.0 | 12.00 | 32.00 | 44.00 | NOTE | |
| r-oldrel-macos-x86_64 | 1.0.0 | 42.00 | 114.00 | 156.00 | NOTE | |
| r-oldrel-windows-x86_64 | 1.0.0 | 42.00 | 113.00 | 155.00 | OK | 
Version: 1.0.0
Check: installed package size
Result: NOTE
    installed size is  5.2Mb
    sub-directories of 1Mb or more:
      libs   5.0Mb
Flavors: r-oldrel-macos-arm64, r-oldrel-macos-x86_64