Last updated on 2025-10-30 09:49:54 CET.
| Flavor | Version | Tinstall | Tcheck | Ttotal | Status | Flags | 
|---|---|---|---|---|---|---|
| r-devel-linux-x86_64-debian-clang | 2024.6.19 | 11.33 | 34.36 | 45.69 | NOTE | |
| r-devel-linux-x86_64-debian-gcc | 2024.6.19 | 8.03 | 25.66 | 33.69 | NOTE | |
| r-devel-linux-x86_64-fedora-clang | 2024.6.19 | 142.00 | -61.46 | 80.54 | OK | |
| r-devel-linux-x86_64-fedora-gcc | 2024.6.19 | 25.00 | 44.84 | 69.84 | OK | |
| r-devel-windows-x86_64 | 2024.6.19 | 15.00 | 61.00 | 76.00 | OK | |
| r-patched-linux-x86_64 | 2024.6.19 | 11.29 | 31.84 | 43.13 | OK | |
| r-release-linux-x86_64 | 2024.6.19 | 11.40 | 31.54 | 42.94 | OK | |
| r-release-macos-arm64 | 2024.6.19 | 7.00 | 19.00 | 26.00 | OK | |
| r-release-macos-x86_64 | 2024.6.19 | 8.00 | 28.00 | 36.00 | OK | |
| r-release-windows-x86_64 | 2024.6.19 | 15.00 | 65.00 | 80.00 | OK | |
| r-oldrel-macos-arm64 | 2024.6.19 | 6.00 | 19.00 | 25.00 | OK | |
| r-oldrel-macos-x86_64 | 2024.6.19 | 14.00 | 47.00 | 61.00 | OK | |
| r-oldrel-windows-x86_64 | 2024.6.19 | 20.00 | 76.00 | 96.00 | OK | 
Version: 2024.6.19
Check: CRAN incoming feasibility
Result: NOTE
  Maintainer: ‘Toby Dylan Hocking <toby.hocking@r-project.org>’
  
  No Authors@R field in DESCRIPTION.
  Please add one, modifying
    Authors@R: person(given = c("Toby", "Dylan"),
                      family = "Hocking",
                      role = c("aut", "cre"),
                      email = "toby.hocking@r-project.org")
  as necessary.
Flavors: r-devel-linux-x86_64-debian-clang, r-devel-linux-x86_64-debian-gcc