Last updated on 2025-11-22 09:49:57 CET.
| Flavor | Version | Tinstall | Tcheck | Ttotal | Status | Flags |
|---|---|---|---|---|---|---|
| r-devel-linux-x86_64-debian-clang | 1.0 | 2.32 | 29.34 | 31.66 | NOTE | |
| r-devel-linux-x86_64-debian-gcc | 1.0 | 2.04 | 23.24 | 25.28 | NOTE | |
| r-devel-linux-x86_64-fedora-clang | 1.0 | 45.82 | OK | |||
| r-devel-windows-x86_64 | 1.0 | 4.00 | 50.00 | 54.00 | OK | |
| r-patched-linux-x86_64 | 1.0 | 2.11 | 26.55 | 28.66 | OK | |
| r-release-linux-x86_64 | 1.0 | 2.58 | 26.73 | 29.31 | OK | |
| r-release-macos-arm64 | 1.0 | OK | ||||
| r-release-macos-x86_64 | 1.0 | 3.00 | 30.00 | 33.00 | OK | |
| r-release-windows-x86_64 | 1.0 | 4.00 | 49.00 | 53.00 | OK | |
| r-oldrel-macos-arm64 | 1.0 | OK | ||||
| r-oldrel-macos-x86_64 | 1.0 | 2.00 | 28.00 | 30.00 | OK | |
| r-oldrel-windows-x86_64 | 1.0 | 6.00 | 60.00 | 66.00 | OK |
Version: 1.0
Check: CRAN incoming feasibility
Result: NOTE
Maintainer: ‘Jialu Ran <jialuran422@gmail.com>’
The Description field contains
was proposed in Wang and Guo (2023) <arXiv:2008.08915>. For brain
Please refer to arXiv e-prints via their arXiv DOI <doi:10.48550/arXiv.YYMM.NNNNN>.
Flavors: r-devel-linux-x86_64-debian-clang, r-devel-linux-x86_64-debian-gcc