Last updated on 2025-10-22 09:50:37 CEST.
Flavor | Version | Tinstall | Tcheck | Ttotal | Status | Flags |
---|---|---|---|---|---|---|
r-devel-linux-x86_64-debian-clang | 0.1.0 | 15.03 | 121.31 | 136.34 | NOTE | |
r-devel-linux-x86_64-debian-gcc | 0.1.0 | 11.42 | 86.98 | 98.40 | NOTE | |
r-devel-linux-x86_64-fedora-clang | 0.1.0 | 32.00 | 171.80 | 203.80 | OK | |
r-devel-linux-x86_64-fedora-gcc | 0.1.0 | 32.00 | 160.24 | 192.24 | OK | |
r-devel-windows-x86_64 | 0.1.0 | 17.00 | 115.00 | 132.00 | OK | |
r-patched-linux-x86_64 | 0.1.0 | 13.19 | 111.78 | 124.97 | OK | |
r-release-linux-x86_64 | 0.1.0 | 12.87 | 110.18 | 123.05 | OK | |
r-release-macos-arm64 | 0.1.0 | 6.00 | 44.00 | 50.00 | OK | |
r-release-macos-x86_64 | 0.1.0 | 10.00 | 81.00 | 91.00 | OK | |
r-release-windows-x86_64 | 0.1.0 | 17.00 | 117.00 | 134.00 | OK | |
r-oldrel-macos-arm64 | 0.1.0 | 6.00 | 42.00 | 48.00 | OK | |
r-oldrel-macos-x86_64 | 0.1.0 | 9.00 | 72.00 | 81.00 | OK | |
r-oldrel-windows-x86_64 | 0.1.0 | 21.00 | 145.00 | 166.00 | OK |
Version: 0.1.0
Check: CRAN incoming feasibility
Result: NOTE
Maintainer: ‘Karne Chaithanya Sai <karnechaithanyasai@gmail.com>’
No Authors@R field in DESCRIPTION.
Please add one, modifying
Authors@R: person(given = c("Karne", "Chaithanya"),
family = "Sai",
role = c("aut", "cre"),
email = "karnechaithanyasai@gmail.com")
as necessary.
Flavors: r-devel-linux-x86_64-debian-clang, r-devel-linux-x86_64-debian-gcc