Last updated on 2024-05-09 10:49:53 CEST.
Flavor | Version | Tinstall | Tcheck | Ttotal | Status | Flags |
---|---|---|---|---|---|---|
r-devel-linux-x86_64-debian-clang | 2.1.0 | 23.86 | 58.56 | 82.42 | OK | |
r-devel-linux-x86_64-debian-gcc | 2.1.0 | 16.25 | 47.21 | 63.46 | OK | |
r-devel-linux-x86_64-fedora-clang | 2.1.0 | 110.12 | NOTE | |||
r-devel-linux-x86_64-fedora-gcc | 2.1.0 | 170.39 | NOTE | |||
r-devel-windows-x86_64 | 2.1.0 | 18.00 | 112.00 | 130.00 | OK | |
r-patched-linux-x86_64 | 2.1.0 | 21.00 | 56.93 | 77.93 | OK | |
r-release-linux-x86_64 | 2.1.0 | 22.56 | 56.65 | 79.21 | OK | |
r-release-macos-arm64 | 2.1.0 | 49.00 | OK | |||
r-release-windows-x86_64 | 2.1.0 | 18.00 | 112.00 | 130.00 | OK | |
r-oldrel-macos-arm64 | 2.1.0 | 52.00 | OK | |||
r-oldrel-macos-x86_64 | 2.1.0 | 77.00 | OK | |||
r-oldrel-windows-x86_64 | 2.1.0 | 24.00 | 116.00 | 140.00 | OK |
Version: 2.1.0
Check: dependencies in R code
Result: NOTE
Namespace in Imports field not imported from: ‘doParallel’
All declared Imports should be used.
Flavors: r-devel-linux-x86_64-fedora-clang, r-devel-linux-x86_64-fedora-gcc