Last updated on 2025-10-31 09:50:20 CET.
| Flavor | Version | Tinstall | Tcheck | Ttotal | Status | Flags | 
|---|---|---|---|---|---|---|
| r-devel-linux-x86_64-debian-clang | 2.1.3 | 24.79 | 25.94 | 50.73 | NOTE | |
| r-devel-linux-x86_64-debian-gcc | 2.1.3 | 16.54 | 20.93 | 37.47 | NOTE | |
| r-devel-linux-x86_64-fedora-clang | 2.1.3 | 106.00 | -1.52 | 104.48 | NOTE | |
| r-devel-linux-x86_64-fedora-gcc | 2.1.3 | 45.00 | 32.78 | 77.78 | NOTE | |
| r-devel-windows-x86_64 | 2.1.3 | 34.00 | 62.00 | 96.00 | NOTE | |
| r-patched-linux-x86_64 | 2.1.3 | 22.20 | 24.94 | 47.14 | NOTE | |
| r-release-linux-x86_64 | 2.1.3 | 23.64 | 24.65 | 48.29 | NOTE | |
| r-release-macos-arm64 | 2.1.3 | 11.00 | 19.00 | 30.00 | NOTE | |
| r-release-macos-x86_64 | 2.1.3 | 10.00 | 24.00 | 34.00 | NOTE | |
| r-release-windows-x86_64 | 2.1.3 | 34.00 | 61.00 | 95.00 | NOTE | |
| r-oldrel-macos-arm64 | 2.1.3 | 11.00 | 14.00 | 25.00 | NOTE | |
| r-oldrel-macos-x86_64 | 2.1.3 | 9.00 | 22.00 | 31.00 | NOTE | |
| r-oldrel-windows-x86_64 | 2.1.3 | 33.00 | 73.00 | 106.00 | NOTE | 
Version: 2.1.3
Check: CRAN incoming feasibility
Result: NOTE
  Maintainer: ‘Matteo Lacki <matteo.lacki@gmail.com>’
  
  No Authors@R field in DESCRIPTION.
  Please add one, modifying
    Authors@R: c(person(given = c("Mateusz", "Krzysztof"),
                        family = "Lacki",
                        role = "aut"),
                 person(given = "Michal",
                        family = "Startek",
                        role = "aut"),
                 person(given = "Matteo",
                        family = "Lacki",
                        role = "cre",
                        email = "matteo.lacki@gmail.com"))
  as necessary.
  
  Package CITATION file contains call(s) to old-style personList() or
  as.personList().  Please use c() on person objects instead.
  Package CITATION file contains call(s) to old-style citEntry().  Please
  use bibentry() instead.
Flavors: r-devel-linux-x86_64-debian-clang, r-devel-linux-x86_64-debian-gcc
Version: 2.1.3
Check: C++ specification
Result: NOTE
    Specified C++14: please drop specification unless essential
Flavors: r-devel-linux-x86_64-debian-clang, r-devel-linux-x86_64-debian-gcc, r-devel-linux-x86_64-fedora-clang, r-devel-linux-x86_64-fedora-gcc, r-devel-windows-x86_64, r-patched-linux-x86_64, r-release-linux-x86_64, r-release-macos-arm64, r-release-macos-x86_64, r-release-windows-x86_64, r-oldrel-macos-arm64, r-oldrel-macos-x86_64, r-oldrel-windows-x86_64