CRAN Package Check Results for Package IntegratedJM

Last updated on 2025-10-22 09:50:36 CEST.

Flavor Version Tinstall Tcheck Ttotal Status Flags
r-devel-linux-x86_64-debian-clang 1.6 7.31 66.64 73.95 NOTE
r-devel-linux-x86_64-debian-gcc 1.6 4.24 47.22 51.46 NOTE
r-devel-linux-x86_64-fedora-clang 1.6 16.00 93.10 109.10 OK
r-devel-linux-x86_64-fedora-gcc 1.6 38.00 78.24 116.24 OK
r-devel-windows-x86_64 1.6 8.00 81.00 89.00 OK
r-patched-linux-x86_64 1.6 6.81 62.17 68.98 OK
r-release-linux-x86_64 1.6 7.22 62.49 69.71 OK
r-release-macos-arm64 1.6 5.00 39.00 44.00 OK
r-release-macos-x86_64 1.6 6.00 46.00 52.00 OK
r-release-windows-x86_64 1.6 8.00 73.00 81.00 OK
r-oldrel-macos-arm64 1.6 3.00 26.00 29.00 OK
r-oldrel-macos-x86_64 1.6 5.00 38.00 43.00 OK
r-oldrel-windows-x86_64 1.6 16.00 92.00 108.00 OK

Check Details

Version: 1.6
Check: CRAN incoming feasibility
Result: NOTE Maintainer: ‘Rudradev Sengupta <rudradev.sengupta@uhasselt.be>’ No Authors@R field in DESCRIPTION. Please add one, modifying Authors@R: c(person(given = "Rudradev", family = "Sengupta", role = c("aut", "cre"), email = "rudradev.sengupta@uhasselt.be"), person(given = c("Nolen", "Joy"), family = "Perualila", role = "aut")) as necessary. Flavors: r-devel-linux-x86_64-debian-clang, r-devel-linux-x86_64-debian-gcc