Last updated on 2025-10-31 09:50:20 CET.
| Flavor | Version | Tinstall | Tcheck | Ttotal | Status | Flags | 
|---|---|---|---|---|---|---|
| r-devel-linux-x86_64-debian-clang | 1.2 | 1.85 | 23.97 | 25.82 | NOTE | |
| r-devel-linux-x86_64-debian-gcc | 1.2 | 1.58 | 18.42 | 20.00 | NOTE | |
| r-devel-linux-x86_64-fedora-clang | 1.2 | 40.50 | OK | |||
| r-devel-linux-x86_64-fedora-gcc | 1.2 | 35.84 | OK | |||
| r-devel-windows-x86_64 | 1.2 | 3.00 | 43.00 | 46.00 | OK | |
| r-patched-linux-x86_64 | 1.2 | 2.20 | 22.27 | 24.47 | OK | |
| r-release-linux-x86_64 | 1.2 | 2.07 | 22.25 | 24.32 | OK | |
| r-release-macos-arm64 | 1.2 | 1.00 | 15.00 | 16.00 | OK | |
| r-release-macos-x86_64 | 1.2 | 2.00 | 23.00 | 25.00 | OK | |
| r-release-windows-x86_64 | 1.2 | 3.00 | 43.00 | 46.00 | OK | |
| r-oldrel-macos-arm64 | 1.2 | 1.00 | 17.00 | 18.00 | OK | |
| r-oldrel-macos-x86_64 | 1.2 | 2.00 | 22.00 | 24.00 | OK | |
| r-oldrel-windows-x86_64 | 1.2 | 4.00 | 49.00 | 53.00 | OK | 
Version: 1.2
Check: CRAN incoming feasibility
Result: NOTE
  Maintainer: ‘Murat Tinic <tinic@bilkent.edu.tr>’
  
  No Authors@R field in DESCRIPTION.
  Please add one, modifying
    Authors@R: c(person(given = "Duygu",
                        family = "Celik",
                        role = "aut"),
                 person(given = "Murat",
                        family = "Tinic",
                        role = c("aut", "cre"),
                        email = "tinic@bilkent.edu.tr"))
  as necessary.
  
  Found the following \keyword or \concept entries
  which likely give several index terms:
    File ‘InfoTrad-package.Rd’:
      \keyword{Probability of Informed Trading (PIN), LK [TRUNCATED]
Flavors: r-devel-linux-x86_64-debian-clang, r-devel-linux-x86_64-debian-gcc