Last updated on 2025-10-30 09:49:52 CET.
| Flavor | Version | Tinstall | Tcheck | Ttotal | Status | Flags | 
|---|---|---|---|---|---|---|
| r-devel-linux-x86_64-debian-clang | 0.0.4 | 9.30 | 65.49 | 74.79 | OK | |
| r-devel-linux-x86_64-debian-gcc | 0.0.4 | 6.51 | 50.34 | 56.85 | OK | |
| r-devel-linux-x86_64-fedora-clang | 0.0.4 | 40.00 | 72.50 | 112.50 | OK | |
| r-devel-linux-x86_64-fedora-gcc | 0.0.4 | 19.00 | 80.05 | 99.05 | OK | |
| r-devel-windows-x86_64 | 0.0.4 | 12.00 | 74.00 | 86.00 | OK | |
| r-patched-linux-x86_64 | 0.0.4 | 9.46 | 63.52 | 72.98 | OK | |
| r-release-linux-x86_64 | 0.0.4 | 9.06 | 62.29 | 71.35 | OK | |
| r-release-macos-arm64 | 0.0.4 | 6.00 | 35.00 | 41.00 | OK | |
| r-release-macos-x86_64 | 0.0.4 | 12.00 | 60.00 | 72.00 | OK | |
| r-release-windows-x86_64 | 0.0.4 | 13.00 | 79.00 | 92.00 | OK | |
| r-oldrel-macos-arm64 | 0.0.4 | 6.00 | 46.00 | 52.00 | NOTE | |
| r-oldrel-macos-x86_64 | 0.0.4 | 9.00 | 76.00 | 85.00 | NOTE | |
| r-oldrel-windows-x86_64 | 0.0.4 | 16.00 | 89.00 | 105.00 | OK | 
Version: 0.0.4
Check: package dependencies
Result: NOTE
  Package suggested but not available for checking: ‘INLA’
Flavors: r-oldrel-macos-arm64, r-oldrel-macos-x86_64
Version: 0.0.4
Check: Rd cross-references
Result: NOTE
  Package unavailable to check Rd xrefs: ‘INLA’
Flavors: r-oldrel-macos-arm64, r-oldrel-macos-x86_64