Last updated on 2024-05-09 10:49:52 CEST.
Flavor | Version | Tinstall | Tcheck | Ttotal | Status | Flags |
---|---|---|---|---|---|---|
r-devel-linux-x86_64-debian-clang | 0.0.1 | 4.76 | 53.20 | 57.96 | OK | |
r-devel-linux-x86_64-debian-gcc | 0.0.1 | 3.99 | 39.50 | 43.49 | OK | |
r-devel-linux-x86_64-fedora-clang | 0.0.1 | 71.86 | NOTE | |||
r-devel-linux-x86_64-fedora-gcc | 0.0.1 | 129.98 | NOTE | |||
r-devel-windows-x86_64 | 0.0.1 | 6.00 | 59.00 | 65.00 | OK | |
r-patched-linux-x86_64 | 0.0.1 | 5.04 | 49.94 | 54.98 | OK | |
r-release-linux-x86_64 | 0.0.1 | 5.02 | 49.39 | 54.41 | OK | |
r-release-macos-arm64 | 0.0.1 | 27.00 | OK | |||
r-release-windows-x86_64 | 0.0.1 | 6.00 | 60.00 | 66.00 | OK | |
r-oldrel-macos-arm64 | 0.0.1 | 30.00 | OK | |||
r-oldrel-macos-x86_64 | 0.0.1 | 42.00 | OK | |||
r-oldrel-windows-x86_64 | 0.0.1 | 7.00 | 69.00 | 76.00 | OK |
Version: 0.0.1
Check: dependencies in R code
Result: NOTE
Namespace in Imports field not imported from: ‘knitr’
All declared Imports should be used.
Flavors: r-devel-linux-x86_64-fedora-clang, r-devel-linux-x86_64-fedora-gcc