Last updated on 2025-11-21 09:49:06 CET.
| Flavor | Version | Tinstall | Tcheck | Ttotal | Status | Flags |
|---|---|---|---|---|---|---|
| r-devel-linux-x86_64-debian-clang | 0.6-5 | 6.31 | 60.59 | 66.90 | NOTE | |
| r-devel-linux-x86_64-debian-gcc | 0.6-5 | 4.32 | 43.82 | 48.14 | NOTE | |
| r-devel-linux-x86_64-fedora-clang | 0.6-5 | 11.00 | 89.41 | 100.41 | OK | |
| r-devel-linux-x86_64-fedora-gcc | 0.6-5 | 16.00 | 79.44 | 95.44 | OK | |
| r-devel-windows-x86_64 | 0.6-5 | 10.00 | 81.00 | 91.00 | OK | |
| r-patched-linux-x86_64 | 0.6-5 | 6.87 | 55.16 | 62.03 | OK | |
| r-release-linux-x86_64 | 0.6-5 | 6.42 | 56.17 | 62.59 | OK | |
| r-release-macos-arm64 | 0.6-5 | OK | ||||
| r-release-macos-x86_64 | 0.6-5 | 9.00 | 82.00 | 91.00 | OK | |
| r-release-windows-x86_64 | 0.6-5 | 6.00 | 82.00 | 88.00 | OK | |
| r-oldrel-macos-arm64 | 0.6-5 | OK | ||||
| r-oldrel-macos-x86_64 | 0.6-5 | 8.00 | 66.00 | 74.00 | OK | |
| r-oldrel-windows-x86_64 | 0.6-5 | 10.00 | 92.00 | 102.00 | OK |
Version: 0.6-5
Check: CRAN incoming feasibility
Result: NOTE
Maintainer: ‘David Scott <d.scott@auckland.ac.nz>’
No Authors@R field in DESCRIPTION.
Please add one, modifying
Authors@R: person(given = "David",
family = "Scott",
role = c("aut", "cre"),
email = "d.scott@auckland.ac.nz")
as necessary.
Flavors: r-devel-linux-x86_64-debian-clang, r-devel-linux-x86_64-debian-gcc