Last updated on 2025-10-31 09:50:19 CET.
| Flavor | Version | Tinstall | Tcheck | Ttotal | Status | Flags | 
|---|---|---|---|---|---|---|
| r-devel-linux-x86_64-debian-clang | 1.0.5-1 | 115.24 | 96.58 | 211.82 | OK | |
| r-devel-linux-x86_64-debian-gcc | 1.0.5-1 | 94.21 | 77.33 | 171.54 | OK | |
| r-devel-linux-x86_64-fedora-clang | 1.0.5-1 | 176.00 | 172.37 | 348.37 | OK | |
| r-devel-linux-x86_64-fedora-gcc | 1.0.5-1 | 216.00 | 152.51 | 368.51 | OK | |
| r-devel-windows-x86_64 | 1.0.5-1 | 121.00 | 128.00 | 249.00 | OK | |
| r-patched-linux-x86_64 | 1.0.5-1 | 118.08 | 104.32 | 222.40 | OK | |
| r-release-linux-x86_64 | 1.0.5-1 | 120.41 | 104.47 | 224.88 | OK | |
| r-release-macos-arm64 | 1.0.5-1 | 55.00 | 39.00 | 94.00 | OK | |
| r-release-macos-x86_64 | 1.0.5-1 | 46.00 | 64.00 | 110.00 | OK | |
| r-release-windows-x86_64 | 1.0.5-1 | 131.00 | 131.00 | 262.00 | OK | |
| r-oldrel-macos-arm64 | 1.0.5-1 | 48.00 | 44.00 | 92.00 | NOTE | |
| r-oldrel-macos-x86_64 | 1.0.5-1 | 47.00 | 66.00 | 113.00 | NOTE | |
| r-oldrel-windows-x86_64 | 1.0.5-1 | 149.00 | 158.00 | 307.00 | OK | 
Version: 1.0.5-1
Check: installed package size
Result: NOTE
    installed size is 36.2Mb
    sub-directories of 1Mb or more:
      libs  35.2Mb
Flavors: r-oldrel-macos-arm64, r-oldrel-macos-x86_64