Last updated on 2025-11-20 11:51:13 CET.
| Flavor | Version | Tinstall | Tcheck | Ttotal | Status | Flags |
|---|---|---|---|---|---|---|
| r-devel-linux-x86_64-debian-clang | 0.1.1 | 7.23 | 60.58 | 67.81 | NOTE | |
| r-devel-linux-x86_64-debian-gcc | 0.1.1 | 5.23 | 46.50 | 51.73 | NOTE | |
| r-devel-linux-x86_64-fedora-clang | 0.1.1 | 17.00 | 85.09 | 102.09 | OK | |
| r-devel-linux-x86_64-fedora-gcc | 0.1.1 | 16.00 | 79.57 | 95.57 | OK | |
| r-devel-windows-x86_64 | 0.1.1 | 10.00 | 73.00 | 83.00 | OK | |
| r-patched-linux-x86_64 | 0.1.1 | 7.23 | 56.98 | 64.21 | OK | |
| r-release-linux-x86_64 | 0.1.1 | 6.94 | 57.69 | 64.63 | OK | |
| r-release-macos-arm64 | 0.1.1 | OK | ||||
| r-release-macos-x86_64 | 0.1.1 | 6.00 | 51.00 | 57.00 | OK | |
| r-release-windows-x86_64 | 0.1.1 | 8.00 | 72.00 | 80.00 | OK | |
| r-oldrel-macos-arm64 | 0.1.1 | OK | ||||
| r-oldrel-macos-x86_64 | 0.1.1 | 5.00 | 46.00 | 51.00 | OK | |
| r-oldrel-windows-x86_64 | 0.1.1 | 10.00 | 85.00 | 95.00 | OK |
Version: 0.1.1
Check: CRAN incoming feasibility
Result: NOTE
Maintainer: ‘Ran Zhao <Zhaoran@mail.sdu.edu.cn>’
The Description field contains
al. (2023) <arXiv:2306.03317>. In this package, we also provide the
Please refer to arXiv e-prints via their arXiv DOI <doi:10.48550/arXiv.YYMM.NNNNN>.
Flavors: r-devel-linux-x86_64-debian-clang, r-devel-linux-x86_64-debian-gcc