Last updated on 2025-10-31 09:50:19 CET.
| Flavor | Version | Tinstall | Tcheck | Ttotal | Status | Flags | 
|---|---|---|---|---|---|---|
| r-devel-linux-x86_64-debian-clang | 1.0.1 | 1.79 | 36.31 | 38.10 | NOTE | |
| r-devel-linux-x86_64-debian-gcc | 1.0.1 | 1.47 | 25.40 | 26.87 | NOTE | |
| r-devel-linux-x86_64-fedora-clang | 1.0.1 | 57.58 | OK | |||
| r-devel-linux-x86_64-fedora-gcc | 1.0.1 | 56.27 | OK | |||
| r-devel-windows-x86_64 | 1.0.1 | 3.00 | 47.00 | 50.00 | OK | |
| r-patched-linux-x86_64 | 1.0.1 | 1.81 | 34.13 | 35.94 | OK | |
| r-release-linux-x86_64 | 1.0.1 | 1.67 | 33.16 | 34.83 | OK | |
| r-release-macos-arm64 | 1.0.1 | 1.00 | 16.00 | 17.00 | OK | |
| r-release-macos-x86_64 | 1.0.1 | 2.00 | 31.00 | 33.00 | OK | |
| r-release-windows-x86_64 | 1.0.1 | 3.00 | 49.00 | 52.00 | OK | |
| r-oldrel-macos-arm64 | 1.0.1 | 1.00 | 16.00 | 17.00 | OK | |
| r-oldrel-macos-x86_64 | 1.0.1 | 2.00 | 26.00 | 28.00 | OK | |
| r-oldrel-windows-x86_64 | 1.0.1 | 2.00 | 49.00 | 51.00 | OK | 
Version: 1.0.1
Check: CRAN incoming feasibility
Result: NOTE
  Maintainer: ‘Zhigen Zhao <zhaozhg@temple.edu>’
  
  No Authors@R field in DESCRIPTION.
  Please add one, modifying
    Authors@R: person(given = "Zhigen",
                      family = "Zhao",
                      role = c("aut", "cre"),
                      email = "zhaozhg@temple.edu")
  as necessary.
Flavors: r-devel-linux-x86_64-debian-clang, r-devel-linux-x86_64-debian-gcc