Last updated on 2025-10-30 09:49:51 CET.
| Flavor | Version | Tinstall | Tcheck | Ttotal | Status | Flags | 
|---|---|---|---|---|---|---|
| r-devel-linux-x86_64-debian-clang | 1.0 | 3.01 | 23.24 | 26.25 | NOTE | |
| r-devel-linux-x86_64-debian-gcc | 1.0 | 1.94 | 18.20 | 20.14 | NOTE | |
| r-devel-linux-x86_64-fedora-clang | 1.0 | 40.01 | OK | |||
| r-devel-linux-x86_64-fedora-gcc | 1.0 | 36.41 | OK | |||
| r-devel-windows-x86_64 | 1.0 | 4.00 | 32.00 | 36.00 | OK | |
| r-patched-linux-x86_64 | 1.0 | 2.62 | 22.17 | 24.79 | OK | |
| r-release-linux-x86_64 | 1.0 | 2.40 | 22.35 | 24.75 | OK | |
| r-release-macos-arm64 | 1.0 | 1.00 | 14.00 | 15.00 | OK | |
| r-release-macos-x86_64 | 1.0 | 2.00 | 24.00 | 26.00 | OK | |
| r-release-windows-x86_64 | 1.0 | 3.00 | 33.00 | 36.00 | OK | |
| r-oldrel-macos-arm64 | 1.0 | 2.00 | 14.00 | 16.00 | OK | |
| r-oldrel-macos-x86_64 | 1.0 | 3.00 | 20.00 | 23.00 | OK | |
| r-oldrel-windows-x86_64 | 1.0 | 4.00 | 33.00 | 37.00 | OK | 
Version: 1.0
Check: CRAN incoming feasibility
Result: NOTE
  Maintainer: ‘Adam Kapelner <kapelner@qc.cuny.edu>’
  
  No Authors@R field in DESCRIPTION.
  Please add one, modifying
    Authors@R: c(person(given = "Adam",
                        family = "Kapelner",
                        role = c("aut", "cre"),
                        email = "kapelner@qc.cuny.edu"),
                 person(given = "David",
                        family = "Azriel",
                        role = "aut"),
                 person(given = c("Abba", "Krieger", "see", "COPYRIGHTS", "file", "for", "the", "authors", "of", "the", "java"),
                        family = "libraries",
                        role = "aut"))
  as necessary.
Flavors: r-devel-linux-x86_64-debian-clang, r-devel-linux-x86_64-debian-gcc