Last updated on 2024-05-09 10:49:50 CEST.
Flavor | Version | Tinstall | Tcheck | Ttotal | Status | Flags |
---|---|---|---|---|---|---|
r-devel-linux-x86_64-debian-clang | 0.2.2 | 10.40 | 126.08 | 136.48 | OK | |
r-devel-linux-x86_64-debian-gcc | 0.2.2 | 7.35 | 89.23 | 96.58 | OK | |
r-devel-linux-x86_64-fedora-clang | 0.2.2 | 171.08 | OK | |||
r-devel-linux-x86_64-fedora-gcc | 0.2.2 | 154.87 | OK | |||
r-devel-windows-x86_64 | 0.2.2 | 10.00 | 106.00 | 116.00 | OK | |
r-patched-linux-x86_64 | 0.2.2 | 12.14 | 115.23 | 127.37 | OK | |
r-release-linux-x86_64 | 0.2.2 | 9.20 | 115.34 | 124.54 | OK | |
r-release-macos-arm64 | 0.2.2 | 44.00 | OK | |||
r-release-windows-x86_64 | 0.2.2 | 12.00 | 108.00 | 120.00 | OK | |
r-oldrel-macos-arm64 | 0.2.2 | 49.00 | OK | |||
r-oldrel-macos-x86_64 | 0.2.2 | 74.00 | NOTE | |||
r-oldrel-windows-x86_64 | 0.2.2 | 13.00 | 129.00 | 142.00 | OK |
Version: 0.2.2
Check: package dependencies
Result: NOTE
Package suggested but not available for checking: ‘xgboost’
Flavor: r-oldrel-macos-x86_64