CRAN Package Check Results for Package GSelection

Last updated on 2025-11-22 09:49:55 CET.

Flavor Version Tinstall Tcheck Ttotal Status Flags
r-devel-linux-x86_64-debian-clang 0.1.0 7.72 64.24 71.96 NOTE
r-devel-linux-x86_64-debian-gcc 0.1.0 5.54 48.18 53.72 NOTE
r-devel-linux-x86_64-fedora-clang 0.1.0 19.00 92.35 111.35 OK
r-devel-windows-x86_64 0.1.0 10.00 73.00 83.00 OK
r-patched-linux-x86_64 0.1.0 6.96 62.20 69.16 OK
r-release-linux-x86_64 0.1.0 8.00 61.75 69.75 OK
r-release-macos-arm64 0.1.0 OK
r-release-macos-x86_64 0.1.0 7.00 58.00 65.00 OK
r-release-windows-x86_64 0.1.0 9.00 80.00 89.00 OK
r-oldrel-macos-arm64 0.1.0 OK
r-oldrel-macos-x86_64 0.1.0 6.00 43.00 49.00 OK
r-oldrel-windows-x86_64 0.1.0 11.00 93.00 104.00 OK

Check Details

Version: 0.1.0
Check: CRAN incoming feasibility
Result: NOTE Maintainer: ‘Sayanti Guha Majumdar <sayanti23gm@gmail.com>’ No Authors@R field in DESCRIPTION. Please add one, modifying Authors@R: c(person(given = c("Sayanti", "Guha"), family = "Majumdar", role = c("aut", "cre"), email = "sayanti23gm@gmail.com"), person(given = "Anil", family = "Rai", role = "aut"), person(given = c("Dwijesh", "Chandra"), family = "Mishra", role = "aut")) as necessary. Flavors: r-devel-linux-x86_64-debian-clang, r-devel-linux-x86_64-debian-gcc